000
CDUS44 KEPZ 280929
CLIELP


CLIMATE REPORT
NATIONAL WEATHER SERVICE EL PASO, TX
328 AM MDT TUE APR 28 2015


...................................

...THE EL PASO CLIMATE SUMMARY FOR APRIL 27 2015...

CLIMATE NORMAL PERIOD 1981 TO 2010
CLIMATE RECORD PERIOD 1879 TO 2015


WEATHER ITEM   OBSERVED TIME   RECORD YEAR NORMAL DEPARTURE LAST
                VALUE   (LST)  VALUE       VALUE  FROM      YEAR
                                                  NORMAL
..................................................................
TEMPERATURE (F)
 YESTERDAY
  MAXIMUM         72    316 PM  96    1996  82    -10       72
  MINIMUM         48    531 AM  35    1984  54     -6       53
  AVERAGE         60                        68     -8       63

PRECIPITATION (IN)
  YESTERDAY        0.00          0.22 1931   0.01  -0.01     0.00
  MONTH TO DATE    0.24                      0.21   0.03     0.45
  SINCE MAR 1      0.85                      0.47   0.38     0.63
  SINCE JAN 1      1.73                      1.33   0.40     0.63

SNOWFALL (IN)
  YESTERDAY        0.0                                       0.0
  MONTH TO DATE    0.0                                       0.0
  SINCE MAR 1      0.0                                       0.0
  SINCE JUL 1      T                                          T
  SNOW DEPTH       0

DEGREE DAYS
 HEATING
  YESTERDAY        5                         1      4        2
  MONTH TO DATE   41                        89    -48       51
  SINCE MAR 1    229                       359   -130      228
  SINCE JUL 1   2052                      2462   -410     2016

 COOLING
  YESTERDAY        0                         5     -5        0
  MONTH TO DATE   92                        67     25       96
  SINCE MAR 1    125                        77     48      114
  SINCE JAN 1    126                        77     49      121
..................................................................


WIND (MPH)
  HIGHEST WIND SPEED    26   HIGHEST WIND DIRECTION     N (360)
  HIGHEST GUST SPEED    33   HIGHEST GUST DIRECTION     N (10)
  AVERAGE WIND SPEED    11.6


SKY COVER
  POSSIBLE SUNSHINE  MM
  AVERAGE SKY COVER 0.4


WEATHER CONDITIONS
 THE FOLLOWING WEATHER WAS RECORDED YESTERDAY.
  NO SIGNIFICANT WEATHER WAS OBSERVED.


RELATIVE HUMIDITY (PERCENT)
 HIGHEST    61           500 AM
 LOWEST     22           300 PM
 AVERAGE    42

..........................................................


THE EL PASO CLIMATE NORMALS FOR TODAY
                         NORMAL    RECORD    YEAR
 MAXIMUM TEMPERATURE (F)   82        96      1992
 MINIMUM TEMPERATURE (F)   55        35      1989
                                             1975


SUNRISE AND SUNSET
APRIL 28 2015.........SUNRISE   623 AM MDT   SUNSET   744 PM MDT
APRIL 29 2015.........SUNRISE   622 AM MDT   SUNSET   744 PM MDT


-  INDICATES NEGATIVE NUMBERS.
R  INDICATES RECORD WAS SET OR TIED.
MM INDICATES DATA IS MISSING.
T  INDICATES TRACE AMOUNT.




$$
