000
CDUS43 KTOP 010631
CLIEMP


CLIMATE REPORT
NATIONAL WEATHER SERVICE TOPEKA KS
131 AM CDT WED APR 1 2015


...................................

...THE EMPORIA KS CLIMATE SUMMARY FOR MARCH 31 2015...

CLIMATE NORMAL PERIOD 1981 TO 2010
CLIMATE RECORD PERIOD 9999 TO 9999


WEATHER ITEM   OBSERVED NORMAL DEPARTURE LAST
                VALUE   VALUE  FROM      YEAR
                               NORMAL
...............................................
TEMPERATURE (F)
 YESTERDAY
  MAXIMUM         79     63     16       78
  MINIMUM         39     38      1       35
  AVERAGE         59     51      8       57

PRECIPITATION (IN)
  YESTERDAY        0.00   0.08  -0.08     0.00
  MONTH TO DATE    0.58   2.53  -1.95     0.41
  SINCE MAR 1      0.58   2.53  -1.95     0.41
  SINCE JAN 1      1.98   4.39  -2.41     0.90

DEGREE DAYS
 HEATING
  YESTERDAY        6     15     -9        8
  MONTH TO DATE  531    609    -78      739
  SINCE MAR 1    531    610    -79      739
  SINCE JUL 1   4532   4432    100     5064

 COOLING
  YESTERDAY        0      0      0        0
  MONTH TO DATE    1      2     -1        0
  SINCE MAR 1      1      2     -1        0
  SINCE JAN 1      1      2     -1        0
...............................................


WIND (MPH)
  HIGHEST WIND SPEED    21   HIGHEST WIND DIRECTION     E (70)
  HIGHEST GUST SPEED    26   HIGHEST GUST DIRECTION     E (90)
  AVERAGE WIND SPEED     8.6


SKY COVER
  AVERAGE SKY COVER 0.0


WEATHER CONDITIONS
 THE FOLLOWING WEATHER WAS RECORDED YESTERDAY.
  FOG
  HAZE


RELATIVE HUMIDITY (PERCENT)
 HIGHEST    82
 LOWEST     18
 AVERAGE    50

..........................................................


THE EMPORIA KS CLIMATE NORMALS FOR TODAY
                         NORMAL
 MAXIMUM TEMPERATURE (F)   64
 MINIMUM TEMPERATURE (F)   39


SUNRISE AND SUNSET
APRIL  1 2015.........SUNRISE   710 AM CDT   SUNSET   748 PM CDT
APRIL  2 2015.........SUNRISE   709 AM CDT   SUNSET   749 PM CDT


-  INDICATES NEGATIVE NUMBERS.
R  INDICATES RECORD WAS SET OR TIED.
MM INDICATES DATA IS MISSING.
T  INDICATES TRACE AMOUNT.




$$
