000
CDUS43 KTOP 250634
CLIEMP


CLIMATE REPORT
NATIONAL WEATHER SERVICE TOPEKA KS
132 AM CDT SAT APR 25 2015


...................................

...THE EMPORIA KS CLIMATE SUMMARY FOR APRIL 24 2015...

CLIMATE NORMAL PERIOD 1981 TO 2010
CLIMATE RECORD PERIOD 9999 TO 9999


WEATHER ITEM   OBSERVED NORMAL DEPARTURE LAST
                VALUE   VALUE  FROM      YEAR
                               NORMAL
...............................................
TEMPERATURE (F)
 YESTERDAY
  MAXIMUM         72     70      2       73
  MINIMUM         53     47      6       45
  AVERAGE         63     59      4       59

PRECIPITATION (IN)
  YESTERDAY        0.20   0.13   0.07     0.27
  MONTH TO DATE    3.94   2.43   1.51     1.03
  SINCE MAR 1      4.52   4.96  -0.44     1.44
  SINCE JAN 1      5.92   6.82  -0.90     1.93

DEGREE DAYS
 HEATING
  YESTERDAY        2      7     -5        6
  MONTH TO DATE  184    260    -76      267
  SINCE MAR 1    715    870   -155     1006
  SINCE JUL 1   4716   4692     24     5331

 COOLING
  YESTERDAY        0      1     -1        0
  MONTH TO DATE    5     18    -13       10
  SINCE MAR 1      6     20    -14       10
  SINCE JAN 1      6     20    -14       10
...............................................


WIND (MPH)
  HIGHEST WIND SPEED    28   HIGHEST WIND DIRECTION     S (160)
  HIGHEST GUST SPEED    34   HIGHEST GUST DIRECTION     S (160)
  AVERAGE WIND SPEED    13.9


SKY COVER
  AVERAGE SKY COVER 0.9


WEATHER CONDITIONS
 THE FOLLOWING WEATHER WAS RECORDED YESTERDAY.
  THUNDERSTORM
  LIGHT RAIN
  FOG


RELATIVE HUMIDITY (PERCENT)
 HIGHEST    86
 LOWEST     59
 AVERAGE    73

..........................................................


THE EMPORIA KS CLIMATE NORMALS FOR TODAY
                         NORMAL
 MAXIMUM TEMPERATURE (F)   71
 MINIMUM TEMPERATURE (F)   47


SUNRISE AND SUNSET
APRIL 25 2015.........SUNRISE   636 AM CDT   SUNSET   810 PM CDT
APRIL 26 2015.........SUNRISE   634 AM CDT   SUNSET   811 PM CDT


-  INDICATES NEGATIVE NUMBERS.
R  INDICATES RECORD WAS SET OR TIED.
MM INDICATES DATA IS MISSING.
T  INDICATES TRACE AMOUNT.




$$
