000
CDUS41 KCLE 250558
CLIERI


CLIMATE REPORT
NATIONAL WEATHER SERVICE CLEVELAND OH
146 AM EDT SAT APR 25 2015


...................................

...THE ERIE PA CLIMATE SUMMARY FOR APRIL 24 2015...

CLIMATE NORMAL PERIOD 1981 TO 2010
CLIMATE RECORD PERIOD 1873 TO 2015


WEATHER ITEM   OBSERVED TIME   RECORD YEAR NORMAL DEPARTURE LAST
                VALUE   (LST)  VALUE       VALUE  FROM      YEAR
                                                  NORMAL
..................................................................
TEMPERATURE (F)
 YESTERDAY
  MAXIMUM         42    603 PM  85    1958  60    -18       52
  MINIMUM         30   1153 PM  28    2014  41    -11       28
                                      2003
                                      1980
  AVERAGE         36                        50    -14       40

PRECIPITATION (IN)
  YESTERDAY        0.00                      0.10  -0.10     0.00
  MONTH TO DATE    2.55                      2.71  -0.16     2.66
  SINCE MAR 1      4.55                      5.66  -1.11     5.83
  SINCE JAN 1     10.31                     11.00  -0.69    11.74

SNOWFALL (IN)
  YESTERDAY        0.0                       0.0    0.0      0.0
  MONTH TO DATE    T                         3.1   -3.1      1.2
  SINCE MAR 1     10.9                      16.8   -5.9     18.8
  SINCE JUL 1    110.3                     100.8    9.5    138.4
  SNOW DEPTH       0

DEGREE DAYS
 HEATING
  YESTERDAY       29                        15     14       25
  MONTH TO DATE  397                       459    -62      445
  SINCE MAR 1   1443                      1370     73     1584
  SINCE JUL 1   6319                      5735    584     6405

 COOLING
  YESTERDAY        0                         0      0        0
  MONTH TO DATE    0                         0      0        0
  SINCE MAR 1      0                         1     -1        0
  SINCE JAN 1      0                         1     -1        0
..................................................................


WIND (MPH)
  HIGHEST WIND SPEED    18   HIGHEST WIND DIRECTION     W (280)
  HIGHEST GUST SPEED    24   HIGHEST GUST DIRECTION     W (280)
  AVERAGE WIND SPEED     8.8


SKY COVER
  POSSIBLE SUNSHINE  MM
  AVERAGE SKY COVER 0.1


WEATHER CONDITIONS
 THE FOLLOWING WEATHER WAS RECORDED YESTERDAY.
  NO SIGNIFICANT WEATHER WAS OBSERVED.


RELATIVE HUMIDITY (PERCENT)
 HIGHEST    75           600 AM
 LOWEST     37           700 PM
 AVERAGE    56

..........................................................


THE ERIE PA CLIMATE NORMALS FOR TODAY
                         NORMAL    RECORD    YEAR
 MAXIMUM TEMPERATURE (F)   60        86      2009
 MINIMUM TEMPERATURE (F)   41        23      1892


SUNRISE AND SUNSET
APRIL 25 2015.........SUNRISE   625 AM EDT   SUNSET   813 PM EDT
APRIL 26 2015.........SUNRISE   624 AM EDT   SUNSET   814 PM EDT


-  INDICATES NEGATIVE NUMBERS.
R  INDICATES RECORD WAS SET OR TIED.
MM INDICATES DATA IS MISSING.
T  INDICATES TRACE AMOUNT.




$$
