000
CDUS42 KKEY 050555
CLIEYW

CLIMATE REPORT
NATIONAL WEATHER SERVICE KEY WEST, FL
148 AM EDT TUE MAY 5 2015


...................................

...THE KEY WEST CLIMATE SUMMARY FOR MAY 4 2015...

CLIMATE NORMAL PERIOD 1981 TO 2010
CLIMATE RECORD PERIOD 1871 TO 2015


WEATHER ITEM   OBSERVED TIME   RECORD YEAR NORMAL DEPARTURE LAST
                VALUE   (LST)  VALUE       VALUE  FROM      YEAR
                                                  NORMAL
..................................................................
TEMPERATURE (F)
 YESTERDAY
  MAXIMUM         79    229 PM  90    1956  84     -5       82
                                      1950
                                      1880
  MINIMUM         74   1159 PM  66    1925  74      0       76
                                      1923
  AVERAGE         77                        79     -2       79

PRECIPITATION (IN)
  YESTERDAY        0.00          5.33 1977   0.05  -0.05      T
  MONTH TO DATE    0.00                      0.20  -0.20     0.31
  SINCE MAR 1      8.08                      4.30   3.78     4.65
  SINCE JAN 1     11.31                      7.83   3.48    12.25

SNOWFALL (IN)
  YESTERDAY        0.0
  MONTH TO DATE    0.0
  SINCE MAR 1      0.0
  SINCE JUL 1      0.0
  SNOW DEPTH       0

DEGREE DAYS
 HEATING
  YESTERDAY        0                         0      0        0
  MONTH TO DATE    0                         0      0        0
  SINCE MAR 1      0                         7     -7        0
  SINCE JUL 1     27                        73    -46       22

 COOLING
  YESTERDAY       12                        14     -2       14
  MONTH TO DATE   52                        55     -3       67
  SINCE MAR 1    896                       661    235      735
  SINCE JAN 1   1254                      1009    245     1161
..................................................................


WIND (MPH)
  HIGHEST WIND SPEED    21   HIGHEST WIND DIRECTION     E (80)
  HIGHEST GUST SPEED    30   HIGHEST GUST DIRECTION    NE (60)
  AVERAGE WIND SPEED    12.6


SKY COVER
  POSSIBLE SUNSHINE  MM
  AVERAGE SKY COVER 0.5


WEATHER CONDITIONS
 THE FOLLOWING WEATHER WAS RECORDED YESTERDAY.
  NO SIGNIFICANT WEATHER WAS OBSERVED.


RELATIVE HUMIDITY (PERCENT)
 HIGHEST    74
 LOWEST     56
 AVERAGE    65

..........................................................


THE KEY WEST CLIMATE NORMALS FOR TODAY
                         NORMAL    RECORD    YEAR
 MAXIMUM TEMPERATURE (F)   84        91      1873
 MINIMUM TEMPERATURE (F)   74        64      1992


SUNRISE AND SUNSET
MAY  5 2015...........SUNRISE   649 AM EDT   SUNSET   758 PM EDT
MAY  6 2015...........SUNRISE   649 AM EDT   SUNSET   759 PM EDT


-  INDICATES NEGATIVE NUMBERS.
R  INDICATES RECORD WAS SET OR TIED.
MM INDICATES DATA IS MISSING.
T  INDICATES TRACE AMOUNT.




$$
