000
CDUS43 KFGF 270634
CLIFAR


CLIMATE REPORT
NATIONAL WEATHER SERVICE EASTERN NORTH DAKOTA/GRAND FORKS
134 AM CDT MON APR 27 2015


...................................

...THE FARGO HECTOR INTL AP ND CLIMATE SUMMARY FOR APRIL 26 2015...

CLIMATE NORMAL PERIOD 1981 TO 2010
CLIMATE RECORD PERIOD 1881 TO 2015


WEATHER ITEM   OBSERVED TIME   RECORD YEAR NORMAL DEPARTURE LAST
                VALUE   (LST)  VALUE       VALUE  FROM      YEAR
                                                  NORMAL
..................................................................
TEMPERATURE (F)
 YESTERDAY
  MAXIMUM         68    529 PM  89    1952  62      6       55
  MINIMUM         36    442 AM  17    2002  37     -1       31
  AVERAGE         52                        50      2       43

PRECIPITATION (IN)
  YESTERDAY        0.00          1.74 1924   0.06  -0.06     0.09
  MONTH TO DATE    0.77                      1.11  -0.34     1.22
  SINCE MAR 1      1.07                      2.41  -1.34     1.94
  SINCE JAN 1      2.04                      3.72  -1.68     2.82

SNOWFALL (IN)
  YESTERDAY        0.0           7.5  1994   0.1   -0.1      0.0
  MONTH TO DATE    T                         2.8   -2.8      2.0
  SINCE MAR 1      0.4                      11.9  -11.5      7.3
  SINCE JUL 1     16.0                      49.9  -33.9     34.9
  SNOW DEPTH       0

DEGREE DAYS
 HEATING
  YESTERDAY       13                        16     -3       22
  MONTH TO DATE  496                       568    -72      641
  SINCE MAR 1   1463                      1720   -257     1957
  SINCE JUL 1   7879                      8398   -519     9234

 COOLING
  YESTERDAY        0                         0      0        0
  MONTH TO DATE    0                         0      0        0
  SINCE MAR 1      0                         0      0        0
  SINCE JAN 1      0                         0      0        0
..................................................................


WIND (MPH)
  HIGHEST WIND SPEED    15   HIGHEST WIND DIRECTION    SE (140)
  HIGHEST GUST SPEED    19   HIGHEST GUST DIRECTION    SE (130)
  AVERAGE WIND SPEED     5.0


SKY COVER
  POSSIBLE SUNSHINE  MM
  AVERAGE SKY COVER 0.0


WEATHER CONDITIONS
 THE FOLLOWING WEATHER WAS RECORDED YESTERDAY.
  NO SIGNIFICANT WEATHER WAS OBSERVED.


RELATIVE HUMIDITY (PERCENT)
 HIGHEST    59           400 AM
 LOWEST     13          1000 AM
 AVERAGE    36

..........................................................


THE FARGO HECTOR INTL AP ND CLIMATE NORMALS FOR TODAY
                         NORMAL    RECORD    YEAR
 MAXIMUM TEMPERATURE (F)   63        92      1910
 MINIMUM TEMPERATURE (F)   38        12      1909


SUNRISE AND SUNSET
APRIL 27 2015.........SUNRISE   619 AM CDT   SUNSET   832 PM CDT
APRIL 28 2015.........SUNRISE   617 AM CDT   SUNSET   833 PM CDT


-  INDICATES NEGATIVE NUMBERS.
R  INDICATES RECORD WAS SET OR TIED.
MM INDICATES DATA IS MISSING.
T  INDICATES TRACE AMOUNT.




$$
