000
CDUS42 KMFL 040829
CLIFLL


CLIMATE REPORT
NATIONAL WEATHER SERVICE MIAMI, FL
429 AM EDT MON MAY 4 2015


...................................

...THE FORT LAUDERDALE CLIMATE SUMMARY FOR MAY 3 2015...

CLIMATE NORMAL PERIOD 1981 TO 2010
CLIMATE RECORD PERIOD 1839 TO 2015


WEATHER ITEM   OBSERVED TIME   RECORD YEAR NORMAL DEPARTURE LAST
                VALUE   (LST)  VALUE       VALUE  FROM      YEAR
                                                  NORMAL
..................................................................
TEMPERATURE (F)
 YESTERDAY
  MAXIMUM         82   1230 PM  91    1964  85     -3       88
                                      1920
                                      1915
  MINIMUM         72    533 AM  55    1925  72      0       74
  AVERAGE         77                        78     -1       81

PRECIPITATION (IN)
  YESTERDAY        T             4.54 1963   0.06  -0.06     1.81
  MONTH TO DATE    T                         0.19  -0.19     1.81
  SINCE NOV 1     17.19                     18.73  -1.54    26.32
  SINCE JAN 1     12.08                     13.03  -0.95    14.20

SNOWFALL (IN)
  YESTERDAY        0.0
  MONTH TO DATE    0.0
  SINCE MAR 1      0.0
  SINCE JUL 1      0.0
  SNOW DEPTH       0

DEGREE DAYS
 HEATING
  YESTERDAY        0                         0      0        0
  MONTH TO DATE    0                         0      0        0
  SINCE MAR 1      0                        10    -10        1
  SINCE JUL 1     97                       112    -15       81

 COOLING
  YESTERDAY       12                        13     -1       16
  MONTH TO DATE   32                        39     -7       53
  SINCE MAR 1    812                       630    182      717
  SINCE JAN 1   1093                       986    107     1105
..................................................................


WIND (MPH)
  HIGHEST WIND SPEED    22   HIGHEST WIND DIRECTION     E (90)
  HIGHEST GUST SPEED    25   HIGHEST GUST DIRECTION    NE (60)
  AVERAGE WIND SPEED    14.4


SKY COVER
  AVERAGE SKY COVER 0.4


WEATHER CONDITIONS
 THE FOLLOWING WEATHER WAS RECORDED YESTERDAY.
  NO SIGNIFICANT WEATHER WAS OBSERVED.


RELATIVE HUMIDITY (PERCENT)
 HIGHEST    64
 LOWEST     42
 AVERAGE    53

..........................................................


THE FORT LAUDERDALE CLIMATE NORMALS FOR TODAY
                         NORMAL    RECORD    YEAR
 MAXIMUM TEMPERATURE (F)   85        95      1915
 MINIMUM TEMPERATURE (F)   72        52      1921


SUNRISE AND SUNSET
MAY  4 2015...........SUNRISE   641 AM EDT   SUNSET   754 PM EDT
MAY  5 2015...........SUNRISE   641 AM EDT   SUNSET   754 PM EDT


-  INDICATES NEGATIVE NUMBERS.
R  INDICATES RECORD WAS SET OR TIED.
MM INDICATES DATA IS MISSING.
T  INDICATES TRACE AMOUNT.




$$
