000
CDUS46 KSGX 061417
CLIFUL


CLIMATE REPORT
NATIONAL WEATHER SERVICE SAN DIEGO, CA
717 AM PDT WED MAY 6 2015


...................................

...THE FULLERTON AIRPORT CA CLIMATE SUMMARY FOR MAY 5 2015...

CLIMATE NORMAL PERIOD 1981 TO 2010
CLIMATE RECORD PERIOD 1998 TO 2015


WEATHER ITEM   OBSERVED TIME   RECORD YEAR NORMAL DEPARTURE LAST
                VALUE   (LST)  VALUE       VALUE  FROM      YEAR
                                                  NORMAL
..................................................................
TEMPERATURE (F)
 YESTERDAY
  MAXIMUM         69    230 PM  83    2011  75     -6       73
  MINIMUM         59   1159 PM  50    1999  56      3       59
  AVERAGE         64                        65     -1       66

PRECIPITATION (IN)
  YESTERDAY        0.00          0.01 2005   0.02  -0.02     0.00
                                      2005
                                      2013
  MONTH TO DATE    0.00                      0.08  -0.08     0.00
  SINCE OCT 1      5.55                     13.29  -7.74     4.77
  SINCE JAN 1      1.73                      9.39  -7.66     3.46

SNOWFALL (IN)
  YESTERDAY        0.0
  MONTH TO DATE    0.0
  SINCE MAR 1      0.0
  SINCE JUL 1      0.0
  SNOW DEPTH       0

DEGREE DAYS
 HEATING
  YESTERDAY        1                         2     -1        0
  MONTH TO DATE    1                        10     -9        0
  SINCE MAR 1     65                       282   -217       91
  SINCE JUL 1    428                      1204   -776      589

 COOLING
  YESTERDAY        0                         2     -2        1
  MONTH TO DATE   22                        10     12       48
  SINCE MAR 1    259                        53    206      175
  SINCE JAN 1    310                        62    248      195
..................................................................


WIND (MPH)
  RESULTANT WIND SPEED   3   RESULTANT WIND DIRECTION   S (180)
  HIGHEST WIND SPEED    12   HIGHEST WIND DIRECTION     S (170)
  HIGHEST GUST SPEED    17   HIGHEST GUST DIRECTION    SW (210)
  AVERAGE WIND SPEED     4.3


SKY COVER
  POSSIBLE SUNSHINE  MM
  AVERAGE SKY COVER 0.7


WEATHER CONDITIONS
 THE FOLLOWING WEATHER WAS RECORDED YESTERDAY.
  NO SIGNIFICANT WEATHER WAS OBSERVED.


RELATIVE HUMIDITY (PERCENT)
 HIGHEST    69           100 AM
 LOWEST     42           200 PM
 AVERAGE    56

..........................................................


THE FULLERTON AIRPORT CA CLIMATE NORMALS FOR TODAY
                         NORMAL    RECORD    YEAR
 MAXIMUM TEMPERATURE (F)   75        93      2004
 MINIMUM TEMPERATURE (F)   56        53      2007


SUNRISE AND SUNSET
MAY  6 2015...........SUNRISE   558 AM PDT   SUNSET   739 PM PDT
MAY  7 2015...........SUNRISE   557 AM PDT   SUNSET   740 PM PDT


-  INDICATES NEGATIVE NUMBERS.
R  INDICATES RECORD WAS SET OR TIED.
MM INDICATES DATA IS MISSING.
T  INDICATES TRACE AMOUNT.




$$
