000
CDUS43 KUNR 010836
CLIGCC


CLIMATE REPORT
NATIONAL WEATHER SERVICE RAPID CITY SD
233 AM MDT WED APR 1 2015


...................................

...THE GILLETTE AIRPORT WY CLIMATE SUMMARY FOR MARCH 31 2015...

CLIMATE NORMAL PERIOD 1981 TO 2010
CLIMATE RECORD PERIOD 9999 TO 9999


WEATHER ITEM   OBSERVED TIME   NORMAL DEPARTURE LAST
                VALUE   (LST)  VALUE  FROM      YEAR
                                      NORMAL
......................................................
TEMPERATURE (F)
 YESTERDAY
  MAXIMUM         74    344 PM  51     23       31
  MINIMUM         40   1206 AM  25     15       10
  AVERAGE         57            38     19       21

PRECIPITATION (IN)
  YESTERDAY        0.00          0.03  -0.03     0.11
  MONTH TO DATE    0.45          0.96  -0.51     1.09
  SINCE MAR 1      0.45          0.96  -0.51     1.09
  SINCE JAN 1      1.30          1.74  -0.44     2.37

DEGREE DAYS
 HEATING
  YESTERDAY        8            27    -19       44
  MONTH TO DATE  697           938   -241      964
  SINCE MAR 1    697           939   -242      964
  SINCE JUL 1   5787          6347   -560     6609

 COOLING
  YESTERDAY        0             0      0        0
  MONTH TO DATE    0             0      0        0
  SINCE MAR 1      0             0      0        0
  SINCE JAN 1      0             0      0        0
......................................................


WIND (MPH)
  HIGHEST WIND SPEED    22   HIGHEST WIND DIRECTION    SW (210)
  HIGHEST GUST SPEED    25   HIGHEST GUST DIRECTION    SW (210)
  AVERAGE WIND SPEED    12.9


SKY COVER
  AVERAGE SKY COVER 0.0


WEATHER CONDITIONS
 THE FOLLOWING WEATHER WAS RECORDED YESTERDAY.
  NO SIGNIFICANT WEATHER WAS OBSERVED.


RELATIVE HUMIDITY (PERCENT)
 HIGHEST    57          1200 AM
 LOWEST     10           400 PM
 AVERAGE    34

..........................................................




SUNRISE AND SUNSET
APRIL  1 2015.........SUNRISE   644 AM MDT   SUNSET   729 PM MDT
APRIL  2 2015.........SUNRISE   642 AM MDT   SUNSET   730 PM MDT


-  INDICATES NEGATIVE NUMBERS.
R  INDICATES RECORD WAS SET OR TIED.
MM INDICATES DATA IS MISSING.
T  INDICATES TRACE AMOUNT.




$$
