000
CDUS45 KGGW 020741
CLIGGW


CLIMATE REPORT
NATIONAL WEATHER SERVICE GLASGOW MT
140 AM MDT THU APR 2 2015


...................................

...THE GLASGOW MT CLIMATE SUMMARY FOR APRIL 1 2015...

CLIMATE NORMAL PERIOD 1981 TO 2010
CLIMATE RECORD PERIOD 1893 TO 2015


WEATHER ITEM   OBSERVED TIME   RECORD YEAR NORMAL DEPARTURE LAST
                VALUE   (LST)  VALUE       VALUE  FROM      YEAR
                                                  NORMAL
..................................................................
TEMPERATURE (F)
 YESTERDAY
  MAXIMUM         56   1201 AM  74    1991  51      5       36
  MINIMUM         37   1159 PM -19    1899  27     10       13
  AVERAGE         47                        39      8       25

PRECIPITATION (IN)
  YESTERDAY        0.01          0.25 1919   0.02  -0.01     0.00
  MONTH TO DATE    0.01                      0.02  -0.01     0.00
  SINCE OCT 1      3.08                      2.62   0.46     2.51
  SINCE JAN 1      1.82                      1.07   0.75     1.06

SNOWFALL (IN)
  YESTERDAY        0.0           3.1  1954   0.1   -0.1      0.0
  MONTH TO DATE    0.0                       0.1   -0.1      0.0
  SINCE MAR 1      2.8                       4.8   -2.0      6.6
  SINCE JUL 1     37.9                      31.8    6.1     30.4
  SNOW DEPTH       0

DEGREE DAYS
 HEATING
  YESTERDAY       18                        26     -8       40
  MONTH TO DATE   18                        26     -8       40
  SINCE MAR 1    789                      1060   -271     1194
  SINCE JUL 1   6873                      7430   -557     7842

 COOLING
  YESTERDAY        0                         0      0        0
  MONTH TO DATE    0                         0      0        0
  SINCE MAR 1      0                         0      0        0
  SINCE JAN 1      0                         0      0        0
..................................................................


WIND (MPH)
  HIGHEST WIND SPEED    35   HIGHEST WIND DIRECTION    NW (300)
  HIGHEST GUST SPEED    42   HIGHEST GUST DIRECTION    NW (300)
  AVERAGE WIND SPEED    21.7


SKY COVER
  POSSIBLE SUNSHINE  MM
  AVERAGE SKY COVER 0.3


WEATHER CONDITIONS
 THE FOLLOWING WEATHER WAS RECORDED YESTERDAY.
  LIGHT RAIN


RELATIVE HUMIDITY (PERCENT)
 HIGHEST    62           800 AM
 LOWEST     28           700 PM
 AVERAGE    45

..........................................................


THE GLASGOW MT CLIMATE NORMALS FOR TODAY
                         NORMAL    RECORD    YEAR
 MAXIMUM TEMPERATURE (F)   52        78      1992
                                             1921
 MINIMUM TEMPERATURE (F)   28        -5      1936


SUNRISE AND SUNSET
APRIL  2 2015.........SUNRISE   643 AM MDT   SUNSET   738 PM MDT
APRIL  3 2015.........SUNRISE   641 AM MDT   SUNSET   740 PM MDT


-  INDICATES NEGATIVE NUMBERS.
R  INDICATES RECORD WAS SET OR TIED.
MM INDICATES DATA IS MISSING.
T  INDICATES TRACE AMOUNT.




$$
