000
CDUS43 KGLD 280740
CLIGLD

CLIMATE REPORT
NATIONAL WEATHER SERVICE GOODLAND
136 AM MDT TUE APR 28 2015

...................................

...THE GOODLAND KS CLIMATE SUMMARY FOR APRIL 27 2015...

CLIMATE NORMAL PERIOD 1981 TO 2010
CLIMATE RECORD PERIOD 1895 TO 2015

WEATHER ITEM   OBSERVED TIME   RECORD YEAR NORMAL DEPARTURE LAST
                VALUE   (LST)  VALUE       VALUE  FROM      YEAR
                                                  NORMAL
..................................................................
TEMPERATURE (F)
 YESTERDAY
  MAXIMUM         60    358 PM  90    1953  67     -7       64
  MINIMUM         38   1134 PM  22    1994  39     -1       38
  AVERAGE         49                        53     -4       51

PRECIPITATION (IN)
  YESTERDAY        0.00          0.84 1922   0.06  -0.06     0.21
  MONTH TO DATE    4.84                      1.40   3.44     0.41
  SINCE MAR 1      4.95                      2.47   2.48     0.83
  SINCE JAN 1      6.03                      3.34   2.69     1.77

SNOWFALL (IN)
  YESTERDAY        0.0                       0.1   -0.1      0.0
  MONTH TO DATE    2.0                       4.1   -2.1      0.4
  SINCE MAR 1      2.6                      10.9   -8.3      3.9
  SINCE JUL 1     24.7                      34.9  -10.2     29.1
  SNOW DEPTH       0

DEGREE DAYS
 HEATING
  YESTERDAY       16                        12      4       14
  MONTH TO DATE  370                       444    -74      376
  SINCE MAR 1    935                      1202   -267     1144
  SINCE JUL 1   5150                      5619   -469     5688

 COOLING
  YESTERDAY        0                         0      0        0
  MONTH TO DATE    0                         0      0        5
  SINCE MAR 1      0                         0      0        5
  SINCE JAN 1      0                         0      0        5
..................................................................

WIND (MPH)
  HIGHEST WIND SPEED    24   HIGHEST WIND DIRECTION    NE (50)
  HIGHEST GUST SPEED    31   HIGHEST GUST DIRECTION    NE (30)
  AVERAGE WIND SPEED    12.3


SKY COVER
  AVERAGE SKY COVER 0.3


WEATHER CONDITIONS
 THE FOLLOWING WEATHER WAS RECORDED YESTERDAY.
  FOG


RELATIVE HUMIDITY (PERCENT)
 HIGHEST   100
 LOWEST     31
 AVERAGE    66

..........................................................


THE GOODLAND KS CLIMATE NORMALS FOR TODAY
                         NORMAL    RECORD    YEAR
 MAXIMUM TEMPERATURE (F)   68        87      2013
                                             1967
                                             1915
 MINIMUM TEMPERATURE (F)   39        23      1908


SUNRISE AND SUNSET
APRIL 28 2015.........SUNRISE   552 AM MDT   SUNSET   737 PM MDT
APRIL 29 2015.........SUNRISE   551 AM MDT   SUNSET   738 PM MDT


-  INDICATES NEGATIVE NUMBERS.
R  INDICATES RECORD WAS SET OR TIED.
MM INDICATES DATA IS MISSING.
T  INDICATES TRACE AMOUNT.

&&

THE AVERAGE SOIL TEMPERATURE AT THE FOUR INCH DEPTH... 52

$$
