000
CDUS44 KJAN 032107
CLIGLH


CLIMATE REPORT
NATIONAL WEATHER SERVICE JACKSON MS
405 PM CDT SUN MAY 3 2015


...................................

...THE GREENVILLE CLIMATE SUMMARY FOR MAY 3 2015...
VALID TODAY AS OF 0400 PM LOCAL TIME.

CLIMATE NORMAL PERIOD 1981 TO 2010
CLIMATE RECORD PERIOD 1920 TO 2015


WEATHER ITEM   OBSERVED TIME   RECORD YEAR NORMAL DEPARTURE LAST
                VALUE   (LST)  VALUE       VALUE  FROM      YEAR
                                                  NORMAL
..................................................................
TEMPERATURE (F)
 TODAY
  MAXIMUM         83    259 PM  92    1943  79      4       82
  MINIMUM         52    511 AM  39    2013  58     -6       50
  AVERAGE         68                        69     -1       66

PRECIPITATION (IN)
  TODAY            0.00          2.95 2000   0.18  -0.18     0.00
  MONTH TO DATE    0.00                      0.53  -0.53     0.00
  SINCE MAR 1      8.89                      9.89  -1.00    14.58
  SINCE JAN 1     15.34                     19.88  -4.54    18.88

SNOWFALL (IN)
  TODAY            0.0

DEGREE DAYS
 HEATING
  TODAY            0                         1     -1        0
  MONTH TO DATE    3                         3      0       12
  SINCE MAR 1    377                       455    -78      580
  SINCE JUL 1   2864                      2764    100     3187

 COOLING
  TODAY            3                         5     -2        1
  MONTH TO DATE    3                        14    -11        1
  SINCE MAR 1    101                        95      6       75
  SINCE JAN 1    101                       100      1       75
..................................................................


WIND (MPH)
  HIGHEST WIND SPEED    15   HIGHEST WIND DIRECTION    SW (230)
  HIGHEST GUST SPEED    22   HIGHEST GUST DIRECTION    SW (220)
  AVERAGE WIND SPEED     4.8


SKY COVER
  POSSIBLE SUNSHINE  MM
  AVERAGE SKY COVER 0.1


WEATHER CONDITIONS
 THE FOLLOWING WEATHER WAS RECORDED TODAY.
  NO SIGNIFICANT WEATHER WAS OBSERVED.


RELATIVE HUMIDITY (PERCENT)
 HIGHEST    83           500 AM
 LOWEST     40           100 PM
 AVERAGE    62

..........................................................


THE GREENVILLE CLIMATE NORMALS FOR TOMORROW
                         NORMAL    RECORD    YEAR
 MAXIMUM TEMPERATURE (F)   79        92      1943
 MINIMUM TEMPERATURE (F)   59        36      2013


SUNRISE AND SUNSET
MAY  3 2015...........SUNRISE   614 AM CDT   SUNSET   748 PM CDT
MAY  4 2015...........SUNRISE   613 AM CDT   SUNSET   749 PM CDT


-  INDICATES NEGATIVE NUMBERS.
R  INDICATES RECORD WAS SET OR TIED.
MM INDICATES DATA IS MISSING.
T  INDICATES TRACE AMOUNT.




$$
