000
CDUS44 KHGX 030720
CLIGLS


CLIMATE REPORT
NATIONAL WEATHER SERVICE HOUSTON/GALVESTON TX
220 AM CDT SUN MAY 3 2015


...................................

...THE GALVESTON CLIMATE SUMMARY FOR MAY 2 2015...

CLIMATE NORMAL PERIOD 1981 TO 2010
CLIMATE RECORD PERIOD 1875 TO 2015


WEATHER ITEM   OBSERVED TIME   RECORD YEAR NORMAL DEPARTURE LAST
                VALUE   (LST)  VALUE       VALUE  FROM      YEAR
                                                  NORMAL
..................................................................
TEMPERATURE (F)
 YESTERDAY
  MAXIMUM         79    207 PM  87    1900  80     -1       79
  MINIMUM         66    613 AM  53    1929  69     -3       58
  AVERAGE         73                        74     -1       69

PRECIPITATION (IN)
  YESTERDAY        0.00          2.02 1966   0.12  -0.12     0.00
  MONTH TO DATE    0.00                      0.25  -0.25      T
  SINCE MAR 1     12.99                      6.46   6.53     1.92
  SINCE JAN 1     19.13                     13.23   5.90     4.97

SNOWFALL (IN)
  YESTERDAY        0.0          MM      MM  MM     MM        0.0
  MONTH TO DATE    0.0                      MM     MM        0.0
  SINCE MAR 1      0.0                      MM     MM        0.0
  SINCE JUL 1      0.0                      MM     MM         T
  SNOW DEPTH       0

DEGREE DAYS
 HEATING
  YESTERDAY        0                         0      0        0
  MONTH TO DATE    0                         0      0        0
  SINCE MAR 1    120                       121     -1      186
  SINCE JUL 1   1182                      1009    173     1425

 COOLING
  YESTERDAY        8                         9     -1        4
  MONTH TO DATE   16                        18     -2        6
  SINCE MAR 1    293                       244     49      187
  SINCE JAN 1    299                       261     38      194
..................................................................


WIND (MPH)
  RESULTANT WIND SPEED   4   RESULTANT WIND DIRECTION   S (190)
  HIGHEST WIND SPEED    15   HIGHEST WIND DIRECTION     S (170)
  HIGHEST GUST SPEED    18   HIGHEST GUST DIRECTION     S (170)
  AVERAGE WIND SPEED     6.8


SKY COVER
  AVERAGE SKY COVER 0.1


WEATHER CONDITIONS
 THE FOLLOWING WEATHER WAS RECORDED YESTERDAY.
  NO SIGNIFICANT WEATHER WAS OBSERVED.


RELATIVE HUMIDITY (PERCENT)
 HIGHEST    87
 LOWEST     50
 AVERAGE    69

..........................................................


THE GALVESTON CLIMATE NORMALS FOR TODAY
                         NORMAL    RECORD    YEAR
 MAXIMUM TEMPERATURE (F)   80        94      1984
 MINIMUM TEMPERATURE (F)   69        50      2013


SUNRISE AND SUNSET
MAY  3 2015...........SUNRISE   636 AM CDT   SUNSET   757 PM CDT
MAY  4 2015...........SUNRISE   635 AM CDT   SUNSET   757 PM CDT


-  INDICATES NEGATIVE NUMBERS.
R  INDICATES RECORD WAS SET OR TIED.
MM INDICATES DATA IS MISSING.
T  INDICATES TRACE AMOUNT.




$$
