000
CDUS42 KJAX 260534
CLIGNV


CLIMATE REPORT
NATIONAL WEATHER SERVICE JACKSONVILLE FL
133 AM EDT SUN APR 26 2015


...................................

...THE GAINESVILLE CLIMATE SUMMARY FOR APRIL 25 2015...

CLIMATE NORMAL PERIOD 1981 TO 2010
CLIMATE RECORD PERIOD 1890 TO 2015


WEATHER ITEM   OBSERVED TIME   RECORD YEAR NORMAL DEPARTURE LAST
                VALUE   (LST)  VALUE       VALUE  FROM      YEAR
                                                  NORMAL
..................................................................
TEMPERATURE (F)
 YESTERDAY
  MAXIMUM         86    301 PM  93    1896  82      4       85
  MINIMUM         61    147 AM  39    2005  57      4       60
  AVERAGE         74                        70      4       73

PRECIPITATION (IN)
  YESTERDAY        0.27          2.01 1979   0.07   0.20     0.00
  MONTH TO DATE    1.96                      2.29  -0.33     1.37
  SINCE MAR 1      3.13                      6.62  -3.49     6.87
  SINCE JAN 1      8.39                     13.13  -4.74    16.44

SNOWFALL (IN)
  YESTERDAY        0.0           0.0    MM   0.0    0.0      0.0
  MONTH TO DATE    0.0                       0.0    0.0      0.0
  SINCE MAR 1      0.0                       0.0    0.0      0.0
  SINCE JUL 1      0.0                       0.0    0.0      0.0
  SNOW DEPTH       0

DEGREE DAYS
 HEATING
  YESTERDAY        0                         1     -1        0
  MONTH TO DATE    0                        40    -40       20
  SINCE MAR 1     60                       177   -117      183
  SINCE JUL 1   1211                      1211      0     1093

 COOLING
  YESTERDAY        9                         5      4        8
  MONTH TO DATE  206                        92    114       89
  SINCE MAR 1    345                       146    199      114
  SINCE JAN 1    360                       178    182      151
..................................................................


WIND (MPH)
  HIGHEST WIND SPEED    21   HIGHEST WIND DIRECTION    SW (220)
  HIGHEST GUST SPEED    30   HIGHEST GUST DIRECTION    SW (220)
  AVERAGE WIND SPEED    10.2


SKY COVER
  POSSIBLE SUNSHINE  MM
  AVERAGE SKY COVER 0.5


WEATHER CONDITIONS
 THE FOLLOWING WEATHER WAS RECORDED YESTERDAY.
  THUNDERSTORM
  HEAVY RAIN
  RAIN
  LIGHT RAIN
  FOG


RELATIVE HUMIDITY (PERCENT)
 HIGHEST    93           400 AM
 LOWEST     59           400 PM
 AVERAGE    76

..........................................................


THE GAINESVILLE CLIMATE NORMALS FOR TODAY
                         NORMAL    RECORD    YEAR
 MAXIMUM TEMPERATURE (F)   83        93      1908
 MINIMUM TEMPERATURE (F)   57        39      1910


SUNRISE AND SUNSET
APRIL 26 2015.........SUNRISE   652 AM EDT   SUNSET   803 PM EDT
APRIL 27 2015.........SUNRISE   651 AM EDT   SUNSET   803 PM EDT


-  INDICATES NEGATIVE NUMBERS.
R  INDICATES RECORD WAS SET OR TIED.
MM INDICATES DATA IS MISSING.
T  INDICATES TRACE AMOUNT.




$$
