000
CDUS43 KGRB 020724
CLIGRB


CLIMATE REPORT
NATIONAL WEATHER SERVICE GREEN BAY
222 AM CDT THU APR 2 2015


...................................

...THE GREEN BAY WI CLIMATE SUMMARY FOR APRIL 1 2015...

CLIMATE NORMAL PERIOD 1981 TO 2010
CLIMATE RECORD PERIOD 1886 TO 2015


WEATHER ITEM   OBSERVED TIME   RECORD YEAR NORMAL DEPARTURE LAST
                VALUE   (LST)  VALUE       VALUE  FROM      YEAR
                                                  NORMAL
..................................................................
TEMPERATURE (F)
 YESTERDAY
  MAXIMUM         61   1047 PM  75    2010  47     14       46
  MINIMUM         28    605 AM  11    1972  29     -1       30
                                      1924
  AVERAGE         45                        38      7       38

PRECIPITATION (IN)
  YESTERDAY        0.00          0.49 1929   0.08  -0.08      T
  MONTH TO DATE    0.00                      0.08  -0.08      T
  SINCE MAR 1      0.90                      1.93  -1.03     0.91
  SINCE JAN 1      1.87                      4.17  -2.30     3.70

SNOWFALL (IN)
  YESTERDAY        0.0           9.2  1929   0.2   -0.2       T
  MONTH TO DATE    0.0                       0.2   -0.2       T
  SINCE MAR 1      4.2                       8.3   -4.1      6.1
  SINCE JUL 1     32.7                      48.5  -15.8     68.4
  SNOW DEPTH       0

DEGREE DAYS
 HEATING
  YESTERDAY       20                        27     -7       27
  MONTH TO DATE   20                        27     -7       27
  SINCE MAR 1    988                      1087    -99     1321
  SINCE JUL 1   7026                      6927     99     7802

 COOLING
  YESTERDAY        0                         0      0        0
  MONTH TO DATE    0                         0      0        0
  SINCE MAR 1      0                         0      0        0
  SINCE JAN 1      0                         0      0        0
..................................................................


WIND (MPH)
  HIGHEST WIND SPEED    24   HIGHEST WIND DIRECTION     S (160)
  HIGHEST GUST SPEED    30   HIGHEST GUST DIRECTION    SE (150)
  AVERAGE WIND SPEED    10.5


SKY COVER
  POSSIBLE SUNSHINE  MM
  AVERAGE SKY COVER 0.1


WEATHER CONDITIONS
 THE FOLLOWING WEATHER WAS RECORDED YESTERDAY.
  FOG


RELATIVE HUMIDITY (PERCENT)
 HIGHEST   100           500 AM
 LOWEST     46          1100 PM
 AVERAGE    73

..........................................................


THE GREEN BAY WI CLIMATE NORMALS FOR TODAY
                         NORMAL    RECORD    YEAR
 MAXIMUM TEMPERATURE (F)   47        80      1963
 MINIMUM TEMPERATURE (F)   29        11      1954
                                             1896


SUNRISE AND SUNSET
APRIL  2 2015.........SUNRISE   632 AM CDT   SUNSET   721 PM CDT
APRIL  3 2015.........SUNRISE   630 AM CDT   SUNSET   722 PM CDT


-  INDICATES NEGATIVE NUMBERS.
R  INDICATES RECORD WAS SET OR TIED.
MM INDICATES DATA IS MISSING.
T  INDICATES TRACE AMOUNT.

$$
