000
CDUS43 KGID 270729
CLIGRI


CLIMATE REPORT
NATIONAL WEATHER SERVICE HASTINGS NE
228 AM CDT MON APR 27 2015


...................................

...THE GRAND ISLAND NE CLIMATE SUMMARY FOR APRIL 26 2015...

CLIMATE NORMAL PERIOD 1981 TO 2010
CLIMATE RECORD PERIOD 1895 TO 2015


WEATHER ITEM   OBSERVED TIME   RECORD YEAR NORMAL DEPARTURE LAST
                VALUE   (LST)  VALUE       VALUE  FROM      YEAR
                                                  NORMAL
..................................................................
TEMPERATURE (F)
 YESTERDAY
  MAXIMUM         59    537 PM  96    1989  67     -8       81
  MINIMUM         38   1156 PM  25    1904  42     -4       48
  AVERAGE         49                        54     -5       65

PRECIPITATION (IN)
  YESTERDAY        0.00          1.35 1923   0.09  -0.09     0.00
  MONTH TO DATE    2.14                      2.10   0.04     2.65
  SINCE MAR 1      2.30                      3.90  -1.60     2.84
  SINCE JAN 1      3.47                      5.11  -1.64     3.49

SNOWFALL (IN)
  YESTERDAY        0.0           T    1997   0.1   -0.1      0.0
                                      1994
  MONTH TO DATE    0.8                       1.5   -0.7      1.7
  SINCE MAR 1      1.4                       6.9   -5.5      2.9
  SINCE JUL 1     24.3                      29.0   -4.7     16.4
  SNOW DEPTH       0

DEGREE DAYS
 HEATING
  YESTERDAY       16                        11      5        0
  MONTH TO DATE  334                       403    -69      331
  SINCE MAR 1    982                      1199   -217     1185
  SINCE JUL 1   5719                      5960   -241     6020

 COOLING
  YESTERDAY        0                         1     -1        0
  MONTH TO DATE    4                         7     -3        4
  SINCE MAR 1      4                         7     -3        4
  SINCE JAN 1      4                         7     -3        4
..................................................................


WIND (MPH)
  HIGHEST WIND SPEED    20   HIGHEST WIND DIRECTION     E (100)
  HIGHEST GUST SPEED    25   HIGHEST GUST DIRECTION     E (100)
  AVERAGE WIND SPEED    11.8


SKY COVER
  AVERAGE SKY COVER 0.7


WEATHER CONDITIONS
 THE FOLLOWING WEATHER WAS RECORDED YESTERDAY.
  FOG
  HAZE


RELATIVE HUMIDITY (PERCENT)
 HIGHEST    93           100 AM
 LOWEST     55           400 PM
 AVERAGE    74

..........................................................


THE GRAND ISLAND NE CLIMATE NORMALS FOR TODAY
                         NORMAL    RECORD    YEAR
 MAXIMUM TEMPERATURE (F)   67        95      1989
 MINIMUM TEMPERATURE (F)   42        24      1950


SUNRISE AND SUNSET
APRIL 27 2015.........SUNRISE   637 AM CDT   SUNSET   826 PM CDT
APRIL 28 2015.........SUNRISE   636 AM CDT   SUNSET   827 PM CDT


-  INDICATES NEGATIVE NUMBERS.
R  INDICATES RECORD WAS SET OR TIED.
MM INDICATES DATA IS MISSING.
T  INDICATES TRACE AMOUNT.




$$
