000
CDUS42 KRAH 280739
CLIGSO


CLIMATE REPORT
NATIONAL WEATHER SERVICE RALEIGH NC
338 AM EDT TUE APR 28 2015


...................................

...THE PIEDMONT TRIAD INTL AIRPORT NC CLIMATE SUMMARY FOR APRIL 27 2015...

CLIMATE NORMAL PERIOD 1981 TO 2010
CLIMATE RECORD PERIOD 1903 TO 2015


WEATHER ITEM   OBSERVED TIME   RECORD YEAR NORMAL DEPARTURE LAST
                VALUE   (LST)  VALUE       VALUE  FROM      YEAR
                                                  NORMAL
..................................................................
TEMPERATURE (F)
 YESTERDAY
  MAXIMUM         68    315 PM  94    1915  73     -5       84
  MINIMUM         41    327 AM  32    1930  50     -9       49
  AVERAGE         55                        62     -7       67

PRECIPITATION (IN)
  YESTERDAY        0.00          1.88 1965   0.11  -0.11     0.00
  MONTH TO DATE    2.48                      3.24  -0.76     3.93
  SINCE MAR 1      5.20                      6.97  -1.77     8.29
  SINCE JAN 1      9.88                     12.99  -3.11    14.51

SNOWFALL (IN)
  YESTERDAY        0.0           0.0    MM   0.0    0.0      0.0
  MONTH TO DATE    0.0                       0.1   -0.1      0.0
  SINCE MAR 1      T                         0.9   -0.9      4.7
  SINCE JUL 1      9.6                       7.6    2.0     15.3
  SNOW DEPTH       0

DEGREE DAYS
 HEATING
  YESTERDAY       10                         5      5        0
  MONTH TO DATE  138                       207    -69      167
  SINCE MAR 1    566                       677   -111      794
  SINCE JUL 1   3651                      3532    119     3771

 COOLING
  YESTERDAY        0                         2     -2        2
  MONTH TO DATE   35                        31      4       19
  SINCE MAR 1     37                        36      1       19
  SINCE JAN 1     37                        36      1       19
..................................................................


WIND (MPH)
  HIGHEST WIND SPEED    20   HIGHEST WIND DIRECTION    NW (300)
  HIGHEST GUST SPEED    26   HIGHEST GUST DIRECTION    NW (320)
  AVERAGE WIND SPEED     6.9


SKY COVER
  POSSIBLE SUNSHINE  MM
  AVERAGE SKY COVER 0.3


WEATHER CONDITIONS
 THE FOLLOWING WEATHER WAS RECORDED YESTERDAY.
  FOG


RELATIVE HUMIDITY (PERCENT)
 HIGHEST   100           200 AM
 LOWEST     26           200 PM
 AVERAGE    63

..........................................................


THE PIEDMONT TRIAD INTL AIRPORT NC CLIMATE NORMALS FOR TODAY
                         NORMAL    RECORD    YEAR
 MAXIMUM TEMPERATURE (F)   74        95      1915
 MINIMUM TEMPERATURE (F)   51        32      1931


SUNRISE AND SUNSET
APRIL 28 2015.........SUNRISE   631 AM EDT   SUNSET   804 PM EDT
APRIL 29 2015.........SUNRISE   630 AM EDT   SUNSET   805 PM EDT


-  INDICATES NEGATIVE NUMBERS.
R  INDICATES RECORD WAS SET OR TIED.
MM INDICATES DATA IS MISSING.
T  INDICATES TRACE AMOUNT.




$$
