000
CDUS45 KTFX 281012
CLIGTF


CLIMATE REPORT
NATIONAL WEATHER SERVICE GREAT FALLS MT
411 AM MDT TUE APR 28 2015


...................................

...THE GREAT FALLS MT CLIMATE SUMMARY FOR APRIL 27 2015...

CLIMATE NORMAL PERIOD 1981 TO 2010
CLIMATE RECORD PERIOD 1886 TO 2015


WEATHER ITEM   OBSERVED TIME   RECORD YEAR NORMAL DEPARTURE LAST
                VALUE   (LST)  VALUE       VALUE  FROM      YEAR
                                                  NORMAL
..................................................................
TEMPERATURE (F)
 YESTERDAY
  MAXIMUM         64    551 PM  85    1987  59      5       55
  MINIMUM         28    123 AM  17    1984  33     -5       28
  AVERAGE         46                        46      0       42

PRECIPITATION (IN)
  YESTERDAY        0.00          0.70 1989   0.05  -0.05      T
  MONTH TO DATE    0.89                      1.26  -0.37     1.76
  SINCE OCT 1      5.33                      5.15   0.18     7.54
  SINCE JAN 1      2.38                      3.15  -0.77     5.49

SNOWFALL (IN)
  YESTERDAY        0.0          10.3  1989   0.3   -0.3      0.0
  MONTH TO DATE    0.8                       8.0   -7.2      2.4
  SINCE MAR 1      1.6                      19.9  -18.3     15.2
  SINCE JUL 1     57.9                      59.9   -2.0     72.7
  SNOW DEPTH       0

DEGREE DAYS
 HEATING
  YESTERDAY       19                        19      0       23
  MONTH TO DATE  591                       604    -13      586
  SINCE MAR 1   1247                      1557   -310     1670
  SINCE JUL 1   6385                      7062   -677     7324

 COOLING
  YESTERDAY        0                         0      0        0
  MONTH TO DATE    0                         0      0        0
  SINCE MAR 1      0                         0      0        0
  SINCE JAN 1      0                         0      0        0
..................................................................


WIND (MPH)
  HIGHEST WIND SPEED    20   HIGHEST WIND DIRECTION    SW (220)
  HIGHEST GUST SPEED    23   HIGHEST GUST DIRECTION    SW (240)
  AVERAGE WIND SPEED    10.9


SKY COVER
  AVERAGE SKY COVER 0.0


WEATHER CONDITIONS
 THE FOLLOWING WEATHER WAS RECORDED YESTERDAY.
  NO SIGNIFICANT WEATHER WAS OBSERVED.


RELATIVE HUMIDITY (PERCENT)
 HIGHEST    92          1200 AM
 LOWEST     25           500 PM
 AVERAGE    59

..........................................................


THE GREAT FALLS MT CLIMATE NORMALS FOR TODAY
                         NORMAL    RECORD    YEAR
 MAXIMUM TEMPERATURE (F)   60        87      1987
 MINIMUM TEMPERATURE (F)   33        13      1907


SUNRISE AND SUNSET
APRIL 28 2015.........SUNRISE   614 AM MDT   SUNSET   833 PM MDT
APRIL 29 2015.........SUNRISE   612 AM MDT   SUNSET   834 PM MDT


-  INDICATES NEGATIVE NUMBERS.
R  INDICATES RECORD WAS SET OR TIED.
MM INDICATES DATA IS MISSING.
T  INDICATES TRACE AMOUNT.




$$
