000
CDUS44 KAMA 280638
CLIGUY


CLIMATE REPORT
NATIONAL WEATHER SERVICE AMARILLO TX
135 AM CDT TUE APR 28 2015


...THE GUYMON CLIMATE SUMMARY FOR APRIL 27 2015...

CLIMATE NORMAL PERIOD 1981 TO 2010
CLIMATE RECORD PERIOD 1998 TO 2015


WEATHER ITEM   OBSERVED TIME   RECORD YEAR NORMAL DEPARTURE LAST
                VALUE   (LST)  VALUE       VALUE  FROM      YEAR
                                                  NORMAL
..................................................................
TEMPERATURE (F)
 YESTERDAY
  MAXIMUM         48   1221 AM  MM      MM  74    -26       70
  MINIMUM         42    149 PM  MM      MM  44     -2       48
  AVERAGE         45                        59    -14       59

PRECIPITATION (IN)
  YESTERDAY        1.06         MM      MM   0.05   1.01     0.00
  MONTH TO DATE    1.46                      1.35   0.11     0.55
  SINCE MAR 1      2.47                      2.78  -0.31     0.76
  SINCE JAN 1      4.42                      3.65   0.77     1.10

SNOWFALL (IN)
  YESTERDAY        0.0          MM      MM  MM     MM        0.0
  MONTH TO DATE    0.0                      MM     MM        2.0
  SINCE MAR 1      2.0                      MM     MM        3.5
  SINCE JUL 1     23.3                      MM     MM       16.2
  SNOW DEPTH       0

DEGREE DAYS
 HEATING
  YESTERDAY       20                         7     13        6
  MONTH TO DATE  189                       287    -98      243
  SINCE MAR 1    642                       868   -226      848
  SINCE JUL 1   3859                      4335   -476     4414

 COOLING
  YESTERDAY        0                         1     -1        0
  MONTH TO DATE   16                         7      9       27
  SINCE MAR 1     17                         9      8       28
  SINCE JAN 1     17                         9      8       28
..................................................................


WIND (MPH)
  RESULTANT WIND SPEED  19   RESULTANT WIND DIRECTION  NE (30)
  HIGHEST WIND SPEED    41   HIGHEST WIND DIRECTION    NE (30)
  HIGHEST GUST SPEED    52   HIGHEST GUST DIRECTION    NE (30)
  AVERAGE WIND SPEED   17.8


SKY COVER
  AVERAGE SKY COVER 1.0


WEATHER CONDITIONS
 THE FOLLOWING WEATHER WAS RECORDED YESTERDAY.
  RAIN
  LIGHT RAIN
  FOG


RELATIVE HUMIDITY (PERCENT)
 HIGHEST   100           100 AM
 LOWEST     65           400 PM
 AVERAGE    83

..................................................................


THE GUYMON CLIMATE NORMALS FOR TODAY
                         NORMAL    RECORD    YEAR
 MAXIMUM TEMPERATURE (F)   74        MM        MM
 MINIMUM TEMPERATURE (F)   44        MM        MM


SUNRISE AND SUNSET
APRIL 28 2015.........SUNRISE   656 AM CDT   SUNSET   832 PM CDT
APRIL 29 2015.........SUNRISE   655 AM CDT   SUNSET   833 PM CDT


-  INDICATES NEGATIVE NUMBERS.
R  INDICATES RECORD WAS SET OR TIED.
MM INDICATES DATA IS MISSING.
T  INDICATES TRACE AMOUNT.


$$
