000
CDUS41 KLWX 270522
CLIHGR


CLIMATE REPORT
NATIONAL WEATHER SERVICE BALTIMORE MD/WASHINGTON DC
121 AM EDT MON APR 27 2015


...................................

...THE HAGERSTOWN MD CLIMATE SUMMARY FOR APRIL 26 2015...

CLIMATE NORMAL PERIOD 1981 TO 2010
CLIMATE RECORD PERIOD 9999 TO 9999


WEATHER ITEM   OBSERVED TIME   RECORD YEAR NORMAL DEPARTURE LAST
                VALUE   (LST)  VALUE       VALUE  FROM      YEAR
                                                  NORMAL
..................................................................
TEMPERATURE (F)
 YESTERDAY
  MAXIMUM         63    317 PM  MM      MM  67     -4       75
  MINIMUM         40    626 AM  MM      MM  46     -6       48
  AVERAGE         52                        56     -4       62

PRECIPITATION (IN)
  YESTERDAY        0.00         MM      MM   0.11  -0.11     0.00
  MONTH TO DATE    2.89                      3.13  -0.24     1.27
  SINCE MAR 1      5.19                      6.51  -1.32     2.94
  SINCE JAN 1      7.47                     11.74  -4.27     6.72

DEGREE DAYS
 HEATING
  YESTERDAY       13                         9      4        3
  MONTH TO DATE  257                       346    -89      333
  SINCE MAR 1   1038                      1075    -37     1192
  SINCE JUL 1   5044                      4978     66     5207

 COOLING
  YESTERDAY        0                         1     -1        0
  MONTH TO DATE    2                         8     -6       10
  SINCE MAR 1      2                         9     -7       10
  SINCE JAN 1      2                         9     -7       10
..................................................................


WIND (MPH)
  HIGHEST WIND SPEED    15   HIGHEST WIND DIRECTION     N (20)
  HIGHEST GUST SPEED    19   HIGHEST GUST DIRECTION     N (360)
  AVERAGE WIND SPEED     6.1


SKY COVER
  POSSIBLE SUNSHINE  MM
  AVERAGE SKY COVER 0.4


WEATHER CONDITIONS
 THE FOLLOWING WEATHER WAS RECORDED YESTERDAY.
  NO SIGNIFICANT WEATHER WAS OBSERVED.


RELATIVE HUMIDITY (PERCENT)
 HIGHEST    85           600 AM
 LOWEST     27           400 PM
 AVERAGE    56

..........................................................


THE HAGERSTOWN MD CLIMATE NORMALS FOR TODAY
                         NORMAL    RECORD    YEAR
 MAXIMUM TEMPERATURE (F)   67        MM        MM
 MINIMUM TEMPERATURE (F)   46        MM        MM


SUNRISE AND SUNSET
APRIL 27 2015.........SUNRISE   617 AM EDT   SUNSET   801 PM EDT
APRIL 28 2015.........SUNRISE   616 AM EDT   SUNSET   802 PM EDT


-  INDICATES NEGATIVE NUMBERS.
R  INDICATES RECORD WAS SET OR TIED.
MM INDICATES DATA IS MISSING.
T  INDICATES TRACE AMOUNT.




$$
