000
CDUS46 KSEW 030833
CLIHQM


CLIMATE REPORT
NATIONAL WEATHER SERVICE SEATTLE WA
133 AM PDT SUN MAY 3 2015


...................................

...THE HOQUIAM WA AIRPORT CLIMATE SUMMARY FOR MAY 2 2015...

CLIMATE NORMAL PERIOD 1981 TO 2010
CLIMATE RECORD PERIOD 1953 TO 2015


WEATHER ITEM   OBSERVED TIME   RECORD YEAR NORMAL DEPARTURE LAST
                VALUE   (LST)  VALUE       VALUE  FROM      YEAR
                                                  NORMAL
..................................................................
TEMPERATURE (F)
 YESTERDAY
  MAXIMUM         60    206 PM  68    1971  58      2       57
  MINIMUM         41    558 AM  36    2006  44     -3       52
                                      1965
  AVERAGE         51                        51      0       55

PRECIPITATION (IN)
  YESTERDAY        0.00          1.53 1975   0.12  -0.12     0.01
  MONTH TO DATE    0.00                      0.25  -0.25     0.01
  SINCE OCT 1     57.25                     57.54  -0.29    47.06
  SINCE JAN 1     25.83                     29.88  -4.05    34.95

DEGREE DAYS
 HEATING
  YESTERDAY       14                        14      0       10
  MONTH TO DATE   26                        28     -2       10
  SINCE MAR 1    961                      1106   -145      992

 COOLING
  YESTERDAY        0                         0      0        0
  MONTH TO DATE    0                         0      0        4
  SINCE MAR 1      0                         0      0        8
  SINCE JAN 1      0                         0      0        8
..................................................................


WIND (MPH)
  RESULTANT WIND SPEED   5   RESULTANT WIND DIRECTION   W (260)
  HIGHEST WIND SPEED    18   HIGHEST WIND DIRECTION     W (270)
  HIGHEST GUST SPEED    22   HIGHEST GUST DIRECTION     W (260)
  AVERAGE WIND SPEED     5.8


SKY COVER
  AVERAGE SKY COVER 0.1


WEATHER CONDITIONS
 THE FOLLOWING WEATHER WAS RECORDED YESTERDAY.
  NO SIGNIFICANT WEATHER WAS OBSERVED.


RELATIVE HUMIDITY (PERCENT)
 HIGHEST    89           400 AM
 LOWEST     57           200 PM
 AVERAGE    73

..........................................................


THE HOQUIAM WA AIRPORT CLIMATE NORMALS FOR TODAY
                         NORMAL    RECORD    YEAR
 MAXIMUM TEMPERATURE (F)   58        83      1992
 MINIMUM TEMPERATURE (F)   44        35      2006


SUNRISE AND SUNSET
MAY  3 2015...........SUNRISE   557 AM PDT   SUNSET   829 PM PDT
MAY  4 2015...........SUNRISE   556 AM PDT   SUNSET   830 PM PDT


-  INDICATES NEGATIVE NUMBERS.
R  INDICATES RECORD WAS SET OR TIED.
MM INDICATES DATA IS MISSING.
T  INDICATES TRACE AMOUNT.




$$
