000
CDUS44 KBRO 180636
CLIHRL


CLIMATE REPORT
NATIONAL WEATHER SERVICE BROWNSVILLE TX
136 AM CDT SAT APR 18 2015


...................................

...THE HARLINGEN CLIMATE SUMMARY FOR APRIL 17 2015...

CLIMATE NORMAL PERIOD 1981 TO 2010
CLIMATE RECORD PERIOD 1912 TO 2015


WEATHER ITEM   OBSERVED TIME   RECORD YEAR NORMAL DEPARTURE LAST
                VALUE   (LST)  VALUE       VALUE  FROM      YEAR
                                                  NORMAL
..................................................................
TEMPERATURE (F)
 YESTERDAY
  MAXIMUM         86   1156 AM 107    1920  86      0       76
  MINIMUM         75    129 AM  45    1999  65     10       61
  AVERAGE         81                        76      5       69

PRECIPITATION (IN)
  YESTERDAY        0.00          1.83 1979   0.06  -0.06     0.07
  MONTH TO DATE    3.18                      0.97   2.21     0.16
  SINCE MAR 1      6.24                      2.26   3.98     1.94
  SINCE JAN 1      9.16                      4.73   4.43     2.94

SNOWFALL (IN)
  YESTERDAY        0.0
  MONTH TO DATE    0.0
  SINCE MAR 1      0.0
  SINCE JUL 1      0.0

DEGREE DAYS
 HEATING
  YESTERDAY        0                         0      0        0
  MONTH TO DATE    0                         7     -7       12
  SINCE MAR 1     74                        53     21      119
  SINCE JUL 1    767                       621    146      930

 COOLING
  YESTERDAY       16                        11      5        4
  MONTH TO DATE  225                       162     63      129
  SINCE MAR 1    346                       332     14      241
  SINCE JAN 1    405                       457    -52      352
..................................................................


WIND (MPH)
  HIGHEST WIND SPEED    25   HIGHEST WIND DIRECTION    SE (150)
  HIGHEST GUST SPEED    31   HIGHEST GUST DIRECTION    SE (150)
  AVERAGE WIND SPEED    13.1



WEATHER CONDITIONS
 THE FOLLOWING WEATHER WAS RECORDED YESTERDAY.
  THUNDERSTORM
  LIGHT RAIN
  FOG
  HAZE


RELATIVE HUMIDITY (PERCENT)
 HIGHEST   100
 LOWEST     74
 AVERAGE    87

..........................................................


THE HARLINGEN CLIMATE NORMALS FOR TODAY
                         NORMAL    RECORD    YEAR
 MAXIMUM TEMPERATURE (F)   86       101      1920
 MINIMUM TEMPERATURE (F)   66        44      1921


SUNRISE AND SUNSET
APRIL 18 2015.........SUNRISE   705 AM CDT   SUNSET   756 PM CDT
APRIL 19 2015.........SUNRISE   704 AM CDT   SUNSET   756 PM CDT


-  INDICATES NEGATIVE NUMBERS.
R  INDICATES RECORD WAS SET OR TIED.
MM INDICATES DATA IS MISSING.
T  INDICATES TRACE AMOUNT.




$$
