000
CDUS42 KMHX 050526
CLIHSE


CLIMATE REPORT
NATIONAL WEATHER SERVICE NEWPORT/MOREHEAD CITY NC
126 AM EDT TUE MAY 5 2015


...................................

...THE CAPE HATTERAS NC CLIMATE SUMMARY FOR MAY 4 2015...

CLIMATE NORMAL PERIOD 1981 TO 2010
CLIMATE RECORD PERIOD 1874 TO 2015


WEATHER ITEM   OBSERVED TIME   RECORD YEAR NORMAL DEPARTURE LAST
                VALUE   (LST)  VALUE       VALUE  FROM      YEAR
                                                  NORMAL
..................................................................
TEMPERATURE (F)
 YESTERDAY
  MAXIMUM         72    326 PM  81    2012  71      1       76
                                      1938
                                      1913
  MINIMUM         52    525 AM  40    1966  57     -5       64
  AVERAGE         62                        64     -2       70

PRECIPITATION (IN)
  YESTERDAY        0.00          1.86 1990   0.13  -0.13     0.00
  MONTH TO DATE    0.14                      0.48  -0.34     0.81
  SINCE MAR 1      4.61                      8.89  -4.28    12.09
  SINCE JAN 1     16.56                     18.15  -1.59    22.18

SNOWFALL (IN)
  YESTERDAY        0.0
  MONTH TO DATE    0.0
  SINCE NOV 1      2.0
  SINCE JUL 1      2.0
  SNOW DEPTH       0

DEGREE DAYS
 HEATING
  YESTERDAY        3                         3      0        0
  MONTH TO DATE   36                        12     24        1
  SINCE MAR 1    613                       622     -9      693
  SINCE JUL 1   2786                      2546    240     2526

 COOLING
  YESTERDAY        0                         2     -2        5
  MONTH TO DATE    0                         8     -8       12
  SINCE MAR 1     17                        36    -19       39
  SINCE JAN 1     19                        36    -17       39
..................................................................


WIND (MPH)
  HIGHEST WIND SPEED    10   HIGHEST WIND DIRECTION    SW (210)
  HIGHEST GUST SPEED    13   HIGHEST GUST DIRECTION     W (260)
  AVERAGE WIND SPEED     5.9


SKY COVER
  POSSIBLE SUNSHINE  MM
  AVERAGE SKY COVER 0.1


WEATHER CONDITIONS
 THE FOLLOWING WEATHER WAS RECORDED YESTERDAY.
  NO SIGNIFICANT WEATHER WAS OBSERVED.


RELATIVE HUMIDITY (PERCENT)
 HIGHEST   100           400 AM
 LOWEST     53          1000 AM
 AVERAGE    77

..........................................................


THE CAPE HATTERAS NC CLIMATE NORMALS FOR TODAY
                         NORMAL    RECORD    YEAR
 MAXIMUM TEMPERATURE (F)   71        84      1938
 MINIMUM TEMPERATURE (F)   58        41      1976


SUNRISE AND SUNSET
MAY  5 2015...........SUNRISE   607 AM EDT   SUNSET   751 PM EDT
MAY  6 2015...........SUNRISE   606 AM EDT   SUNSET   752 PM EDT


-  INDICATES NEGATIVE NUMBERS.
R  INDICATES RECORD WAS SET OR TIED.
MM INDICATES DATA IS MISSING.
T  INDICATES TRACE AMOUNT.




$$
