000
CDUS44 KHUN 270722
CLIHSV


CLIMATE REPORT
NATIONAL WEATHER SERVICE HUNTSVILLE AL
222 AM CDT MON APR 27 2015


...................................

...THE HUNTSVILLE CLIMATE SUMMARY FOR APRIL 26 2015...

CLIMATE NORMAL PERIOD 1981 TO 2010
CLIMATE RECORD PERIOD 1894 TO 2015


WEATHER ITEM   OBSERVED TIME   RECORD YEAR NORMAL DEPARTURE LAST
                VALUE   (LST)  VALUE       VALUE  FROM      YEAR
                                                  NORMAL
..................................................................
TEMPERATURE (F)
 YESTERDAY
  MAXIMUM         77    108 PM  90    1925  76      1       84
  MINIMUM         52   1159 PM  31    1919  53     -1       49
                                      1910
  AVERAGE         65                        65      0       67

PRECIPITATION (IN)
  YESTERDAY        0.00          1.26 1967   0.15  -0.15     0.00
  MONTH TO DATE    6.70                      3.72   2.98     4.40
  SINCE MAR 1     12.32                      8.93   3.39     7.08
  SINCE JAN 1     20.06                     18.66   1.40    16.95

SNOWFALL (IN)
  YESTERDAY        0.0
  MONTH TO DATE    0.0
  SINCE MAR 1      1.0
  SINCE JUL 1      9.8
  SNOW DEPTH       0

DEGREE DAYS
 HEATING
  YESTERDAY        0                         3     -3        0
  MONTH TO DATE   52                       144    -92      127
  SINCE MAR 1    359                       512   -153      589
  SINCE JUL 1   3000                      2964     36     3424

 COOLING
  YESTERDAY        0                         3     -3        2
  MONTH TO DATE   58                        46     12       24
  SINCE MAR 1     60                        59      1       24
  SINCE JAN 1     60                        60      0       25
..................................................................


WIND (MPH)
  HIGHEST WIND SPEED    21   HIGHEST WIND DIRECTION     N (10)
  HIGHEST GUST SPEED    26   HIGHEST GUST DIRECTION     N (10)
  AVERAGE WIND SPEED     8.0


SKY COVER
  POSSIBLE SUNSHINE  MM
  AVERAGE SKY COVER 0.5


WEATHER CONDITIONS
 THE FOLLOWING WEATHER WAS RECORDED YESTERDAY.
  FOG


RELATIVE HUMIDITY (PERCENT)
 HIGHEST    93           400 AM
 LOWEST     58           100 PM
 AVERAGE    76

..........................................................


THE HUNTSVILLE CLIMATE NORMALS FOR TODAY
                         NORMAL    RECORD    YEAR
 MAXIMUM TEMPERATURE (F)   77        90      1986
 MINIMUM TEMPERATURE (F)   54        36      1919


SUNRISE AND SUNSET
APRIL 27 2015.........SUNRISE   601 AM CDT   SUNSET   729 PM CDT
APRIL 28 2015.........SUNRISE   600 AM CDT   SUNSET   729 PM CDT


-  INDICATES NEGATIVE NUMBERS.
R  INDICATES RECORD WAS SET OR TIED.
MM INDICATES DATA IS MISSING.
T  INDICATES TRACE AMOUNT.




$$
