000
CDUS41 KRLX 190717
CLIHTS


CLIMATE REPORT
NATIONAL WEATHER SERVICE CHARLESTON WV
315 AM EDT SUN APR 19 2015


...................................

...THE HUNTINGTON WV CLIMATE SUMMARY FOR APRIL 18 2015...

CLIMATE NORMAL PERIOD 1981 TO 2010
CLIMATE RECORD PERIOD 1897 TO 2015


WEATHER ITEM   OBSERVED TIME   RECORD YEAR NORMAL DEPARTURE LAST
                VALUE   (LST)  VALUE       VALUE  FROM      YEAR
                                                  NORMAL
..................................................................
TEMPERATURE (F)
 YESTERDAY
  MAXIMUM         79    436 PM  89    1955  69     10       73
  MINIMUM         50    619 AM  27    1905  45      5       50
  AVERAGE         65                        57      8       62

PRECIPITATION (IN)
  YESTERDAY        0.00          1.39 1938   0.11  -0.11     0.00
  MONTH TO DATE    6.16                      2.00   4.16     1.27
  SINCE JAN 1     17.93                     11.94   5.99    11.74

SNOWFALL (IN)
  YESTERDAY        0.0
  MONTH TO DATE    0.0
  SINCE SEP 1     36.6
  SNOW DEPTH       0

DEGREE DAYS
 HEATING
  YESTERDAY        0                         9     -9        3
  MONTH TO DATE  122                       204    -82      148
  SINCE MAR 1    751                       800    -49      888
  SINCE JUL 1   4767                      4301    466     4649

 COOLING
  YESTERDAY        0                         1     -1        0
  MONTH TO DATE    9                        17     -8       14
  SINCE MAR 1      9                        22    -13       14
  SINCE JAN 1      9                        22    -13       14
..................................................................


WIND (MPH)
  HIGHEST WIND SPEED    14   HIGHEST WIND DIRECTION    NE (40)
  HIGHEST GUST SPEED    18   HIGHEST GUST DIRECTION    NE (30)
  AVERAGE WIND SPEED     4.7


SKY COVER
  POSSIBLE SUNSHINE  MM


WEATHER CONDITIONS
 THE FOLLOWING WEATHER WAS RECORDED YESTERDAY.
  FOG


RELATIVE HUMIDITY (PERCENT)
 HIGHEST    96           600 AM
 LOWEST     30           400 PM
 AVERAGE    63

..........................................................


THE HUNTINGTON WV CLIMATE NORMALS FOR TODAY
                         NORMAL    RECORD    YEAR
 MAXIMUM TEMPERATURE (F)   69        89      2002
                                             1955
                                             1941
 MINIMUM TEMPERATURE (F)   46        27      1983


SUNRISE AND SUNSET
APRIL 19 2015.........SUNRISE   649 AM EDT   SUNSET   810 PM EDT
APRIL 20 2015.........SUNRISE   648 AM EDT   SUNSET   811 PM EDT


-  INDICATES NEGATIVE NUMBERS.
R  INDICATES RECORD WAS SET OR TIED.
MM INDICATES DATA IS MISSING.
T  INDICATES TRACE AMOUNT.




$$
