000
CDUS43 KIND 260542
CLIHUF


CLIMATE REPORT
NATIONAL WEATHER SERVICE INDIANAPOLIS IN
140 AM EDT SUN APR 26 2015


...................................

...THE TERRE HAUTE IN CLIMATE SUMMARY FOR APRIL 25 2015...

CLIMATE NORMAL PERIOD 1981 TO 2010
CLIMATE RECORD PERIOD 9999 TO 9999


WEATHER ITEM   OBSERVED TIME   NORMAL DEPARTURE LAST
                VALUE   (LST)  VALUE  FROM      YEAR
                                      NORMAL
......................................................
TEMPERATURE (F)
 YESTERDAY
  MAXIMUM         56   1206 AM  67    -11       71
  MINIMUM         46   1159 PM  45      1       53
  AVERAGE         51            56     -5       62

PRECIPITATION (IN)
  YESTERDAY        0.38          0.18   0.20     0.48
  MONTH TO DATE    4.57          3.00   1.57     5.19
  SINCE MAR 1      7.97          6.37   1.60     6.94
  SINCE JAN 1     10.87         10.66   0.21    10.97

DEGREE DAYS
 HEATING
  YESTERDAY       14             9      5        3
  MONTH TO DATE  247           324    -77      296
  SINCE MAR 1   1050          1015     35     1158
  SINCE JUL 1   5684          5178    506     5893

 COOLING
  YESTERDAY        0             1     -1        0
  MONTH TO DATE    6            11     -5        3
  SINCE MAR 1      6            12     -6        3
  SINCE JAN 1      6            12     -6        3
......................................................


WIND (MPH)
  HIGHEST WIND SPEED    20   HIGHEST WIND DIRECTION    NE (40)
  HIGHEST GUST SPEED    26   HIGHEST GUST DIRECTION    NE (40)
  AVERAGE WIND SPEED    10.7


SKY COVER
  AVERAGE SKY COVER 1.0


WEATHER CONDITIONS
 THE FOLLOWING WEATHER WAS RECORDED YESTERDAY.
  THUNDERSTORM
  HEAVY RAIN
  RAIN
  LIGHT RAIN
  FOG


RELATIVE HUMIDITY (PERCENT)
 HIGHEST    89          1200 PM
 LOWEST     43          1200 AM
 AVERAGE    66

..........................................................


THE TERRE HAUTE IN CLIMATE NORMALS FOR TODAY
                         NORMAL
 MAXIMUM TEMPERATURE (F)   68
 MINIMUM TEMPERATURE (F)   46


SUNRISE AND SUNSET
APRIL 26 2015.........SUNRISE   657 AM EDT   SUNSET   838 PM EDT
APRIL 27 2015.........SUNRISE   656 AM EDT   SUNSET   839 PM EDT


-  INDICATES NEGATIVE NUMBERS.
R  INDICATES RECORD WAS SET OR TIED.
MM INDICATES DATA IS MISSING.
T  INDICATES TRACE AMOUNT.




$$
