000
CDUS43 KUNR 030837
CLIIEN


CLIMATE REPORT
NATIONAL WEATHER SERVICE RAPID CITY SD
234 AM MDT SUN MAY 3 2015


...................................

...THE PINE RIDGE SD CLIMATE SUMMARY FOR MAY 2 2015...

CLIMATE NORMAL PERIOD 1981 TO 2010
CLIMATE RECORD PERIOD 9999 TO 9999


WEATHER ITEM   OBSERVED TIME   NORMAL DEPARTURE LAST
                VALUE   (LST)  VALUE  FROM      YEAR
                                      NORMAL
......................................................
TEMPERATURE (F)
 YESTERDAY
  MAXIMUM         82    355 PM  65     17       68
  MINIMUM         45   1155 PM  36      9       28
  AVERAGE         64            51     13       48

PRECIPITATION (IN)
  YESTERDAY        0.00          0.10  -0.10     0.00
  MONTH TO DATE    0.00          0.21  -0.21     0.00
  SINCE MAR 1      2.06          2.99  -0.93     3.50
  SINCE JAN 1      2.52          3.78  -1.26     3.77

DEGREE DAYS
 HEATING
  YESTERDAY        1            14    -13       17
  MONTH TO DATE   13            29    -16       38
  SINCE MAR 1   1273          1499   -226     1593
  SINCE JUL 1   6483          6849   -366     7075

 COOLING
  YESTERDAY        0             0      0        0
  MONTH TO DATE    0             0      0        0
  SINCE MAR 1      0             0      0        1
  SINCE JAN 1      0             0      0        1
......................................................


WIND (MPH)
  HIGHEST WIND SPEED    22   HIGHEST WIND DIRECTION     W (270)
  HIGHEST GUST SPEED    29   HIGHEST GUST DIRECTION     W (280)
  AVERAGE WIND SPEED     8.8


SKY COVER
  AVERAGE SKY COVER 0.0


WEATHER CONDITIONS
 THE FOLLOWING WEATHER WAS RECORDED YESTERDAY.
  NO SIGNIFICANT WEATHER WAS OBSERVED.


RELATIVE HUMIDITY (PERCENT)
 HIGHEST    71           200 AM
 LOWEST     10           400 PM
 AVERAGE    41

..........................................................




SUNRISE AND SUNSET
MAY  3 2015...........SUNRISE   541 AM MDT   SUNSET   753 PM MDT
MAY  4 2015...........SUNRISE   540 AM MDT   SUNSET   754 PM MDT


-  INDICATES NEGATIVE NUMBERS.
R  INDICATES RECORD WAS SET OR TIED.
MM INDICATES DATA IS MISSING.
T  INDICATES TRACE AMOUNT.




$$
