000
CDUS42 KILM 060840
CLIILM


CLIMATE REPORT
NATIONAL WEATHER SERVICE WILMINGTON NC
440 AM EDT WED MAY 6 2015


...................................

...THE WILMINGTON NC CLIMATE SUMMARY FOR MAY 5 2015...

CLIMATE NORMAL PERIOD 1981 TO 2010
CLIMATE RECORD PERIOD 1871 TO 2015


WEATHER ITEM   OBSERVED TIME   RECORD YEAR NORMAL DEPARTURE LAST
                VALUE   (LST)  VALUE       VALUE  FROM      YEAR
                                                  NORMAL
..................................................................
TEMPERATURE (F)
 YESTERDAY
  MAXIMUM         77    233 PM  92    2012  79     -2       74
                                      1952
  MINIMUM         52    548 AM  44    1997  57     -5       59
                                      1940
  AVERAGE         65                        68     -3       67

PRECIPITATION (IN)
  YESTERDAY        0.00          1.19 1988   0.11  -0.11     0.00
  MONTH TO DATE    0.18                      0.57  -0.39     0.01
  SINCE MAR 1      5.77                      7.60  -1.83    11.30
  SINCE JAN 1     15.09                     14.98   0.11    16.76

DEGREE DAYS
 HEATING
  YESTERDAY        0                         2     -2        0
  MONTH TO DATE   10                        10      0        0
  SINCE MAR 1    414                       463    -49      498
  SINCE JUL 1   2597                      2392    205     2432

 COOLING
  YESTERDAY        0                         4     -4        2
  MONTH TO DATE    1                        20    -19       28
  SINCE MAR 1     84                       103    -19      138
  SINCE JAN 1     90                       108    -18      143
..................................................................


WIND (MPH)
  HIGHEST WIND SPEED    16   HIGHEST WIND DIRECTION     E (90)
  HIGHEST GUST SPEED    22   HIGHEST GUST DIRECTION     E (100)
  AVERAGE WIND SPEED     4.9


SKY COVER
  POSSIBLE SUNSHINE  MM
  AVERAGE SKY COVER 0.0


WEATHER CONDITIONS
 THE FOLLOWING WEATHER WAS RECORDED YESTERDAY.
  NO SIGNIFICANT WEATHER WAS OBSERVED.


RELATIVE HUMIDITY (PERCENT)
 HIGHEST   100           500 AM
 LOWEST     38          1100 AM
 AVERAGE    69

..........................................................


THE WILMINGTON NC CLIMATE NORMALS FOR TODAY
                         NORMAL    RECORD    YEAR
 MAXIMUM TEMPERATURE (F)   79        95      1952
 MINIMUM TEMPERATURE (F)   57        42      1920


SUNRISE AND SUNSET
MAY  6 2015...........SUNRISE   617 AM EDT   SUNSET   800 PM EDT
MAY  7 2015...........SUNRISE   616 AM EDT   SUNSET   800 PM EDT


-  INDICATES NEGATIVE NUMBERS.
R  INDICATES RECORD WAS SET OR TIED.
MM INDICATES DATA IS MISSING.
T  INDICATES TRACE AMOUNT.




$$
