000
CDHW43 PHFO 211245
CLIITO


CLIMATE REPORT
NATIONAL WEATHER SERVICE HONOLULU HI
245 AM HST TUE APR 21 2015


...................................

...THE HILO HI CLIMATE SUMMARY FOR APRIL 20 2015...

CLIMATE NORMAL PERIOD 1981 TO 2010
CLIMATE RECORD PERIOD 1946 TO 2015


WEATHER ITEM   OBSERVED TIME   RECORD YEAR NORMAL DEPARTURE LAST
                VALUE   (LST)  VALUE       VALUE  FROM      YEAR
                                                  NORMAL
..................................................................
TEMPERATURE (F)
 YESTERDAY
  MAXIMUM         80    342 PM  89    1978  79      1       80
  MINIMUM         67   1159 PM  62    1991  66      1       68
                                      1955
  AVERAGE         74                        72      2       74

PRECIPITATION (IN)
  YESTERDAY        0.51          3.16 1971   0.36   0.15     0.22
  MONTH TO DATE   12.47                      8.13   4.34    10.48
  SINCE MAR 1     21.39                     21.56  -0.17    29.21
  SINCE JAN 1     29.48                     40.38 -10.90    37.44

SNOWFALL (IN)
  YESTERDAY        0.0
  MONTH TO DATE    0.0
  SINCE MAR 1      0.0
  SINCE JUL 1      0.0
  SNOW DEPTH       0

DEGREE DAYS
 HEATING
  YESTERDAY        0                         0      0        0
  MONTH TO DATE    0                         0      0        0
  SINCE MAR 1      0                         0      0        0
  SINCE JUL 1      0                         0      0        0

 COOLING
  YESTERDAY        9                         7      2        9
  MONTH TO DATE  180                       140     40      165
  SINCE MAR 1    421                       351     70      401
  SINCE JAN 1    947                       721    226      859
..................................................................


WIND (MPH)
  HIGHEST WIND SPEED    22   HIGHEST WIND DIRECTION     E (80)
  HIGHEST GUST SPEED    27   HIGHEST GUST DIRECTION     E (80)
  AVERAGE WIND SPEED     6.2


SKY COVER
  POSSIBLE SUNSHINE  MM
  AVERAGE SKY COVER 0.9


WEATHER CONDITIONS
 THE FOLLOWING WEATHER WAS RECORDED YESTERDAY.
  HEAVY RAIN
  RAIN
  LIGHT RAIN
  FOG


RELATIVE HUMIDITY (PERCENT)
 HIGHEST   100           300 AM
 LOWEST     67           100 PM
 AVERAGE    84

..........................................................


THE HILO HI CLIMATE NORMALS FOR TODAY
                         NORMAL    RECORD    YEAR
 MAXIMUM TEMPERATURE (F)   79        86      1967
 MINIMUM TEMPERATURE (F)   66        59      1966


SUNRISE AND SUNSET
APRIL 21 2015.........SUNRISE   558 AM HST   SUNSET   640 PM HST
APRIL 22 2015.........SUNRISE   557 AM HST   SUNSET   640 PM HST


-  INDICATES NEGATIVE NUMBERS.
R  INDICATES RECORD WAS SET OR TIED.
MM INDICATES DATA IS MISSING.
T  INDICATES TRACE AMOUNT.




$$
