000
CDUS42 KJAX 260534
CLIJAX


CLIMATE REPORT
NATIONAL WEATHER SERVICE JACKSONVILLE FL
133 AM EDT SUN APR 26 2015


...................................

...THE JACKSONVILLE CLIMATE SUMMARY FOR APRIL 25 2015...

CLIMATE NORMAL PERIOD 1981 TO 2010
CLIMATE RECORD PERIOD 1871 TO 2015


WEATHER ITEM   OBSERVED TIME   RECORD YEAR NORMAL DEPARTURE LAST
                VALUE   (LST)  VALUE       VALUE  FROM      YEAR
                                                  NORMAL
..................................................................
TEMPERATURE (F)
 YESTERDAY
  MAXIMUM         79   1102 AM  92    1958  81     -2       84
  MINIMUM         60    203 AM  40    2005  57      3       62
  AVERAGE         70                        69      1       73

PRECIPITATION (IN)
  YESTERDAY        0.91          1.89 1992   0.07   0.84     0.00
  MONTH TO DATE    2.66                      2.29   0.37     5.61
  SINCE MAR 1      4.95                      6.24  -1.29    10.26
  SINCE JAN 1     11.35                     12.73  -1.38    19.97

SNOWFALL (IN)
  YESTERDAY        0.0           0.0  2002   0.0    0.0      0.0
                                      2001
  MONTH TO DATE    0.0                       0.0    0.0      0.0
  SINCE MAR 1      0.0                       T      0.0      0.0
  SINCE JUL 1      T                         T      0.0      0.0
  SNOW DEPTH       0

DEGREE DAYS
 HEATING
  YESTERDAY        0                         1     -1        0
  MONTH TO DATE    0                        51    -51       27
  SINCE MAR 1     87                       207   -120      226
  SINCE JUL 1   1335                      1340     -5     1303

 COOLING
  YESTERDAY        5                         5      0        8
  MONTH TO DATE  187                        87    100       84
  SINCE MAR 1    290                       141    149      112
  SINCE JAN 1    303                       170    133      142
..................................................................


WIND (MPH)
  HIGHEST WIND SPEED    23   HIGHEST WIND DIRECTION     W (280)
  HIGHEST GUST SPEED    29   HIGHEST GUST DIRECTION     W (270)
  AVERAGE WIND SPEED     7.2


SKY COVER
  POSSIBLE SUNSHINE  MM
  AVERAGE SKY COVER 0.8


WEATHER CONDITIONS
 THE FOLLOWING WEATHER WAS RECORDED YESTERDAY.
  THUNDERSTORM
  HEAVY RAIN
  RAIN
  LIGHT RAIN
  FOG
  HAZE


RELATIVE HUMIDITY (PERCENT)
 HIGHEST   100           800 PM
 LOWEST     71          1100 AM
 AVERAGE    86

..........................................................


THE JACKSONVILLE CLIMATE NORMALS FOR TODAY
                         NORMAL    RECORD    YEAR
 MAXIMUM TEMPERATURE (F)   81        92      2011
 MINIMUM TEMPERATURE (F)   57        40      1974


SUNRISE AND SUNSET
APRIL 26 2015.........SUNRISE   648 AM EDT   SUNSET   801 PM EDT
APRIL 27 2015.........SUNRISE   647 AM EDT   SUNSET   802 PM EDT


-  INDICATES NEGATIVE NUMBERS.
R  INDICATES RECORD WAS SET OR TIED.
MM INDICATES DATA IS MISSING.
T  INDICATES TRACE AMOUNT.




$$
