000
CDUS44 KMEG 030632
CLIJBR


CLIMATE REPORT
NATIONAL WEATHER SERVICE MEMPHIS TN
131 AM CDT SUN MAY 3 2015


...................................

...THE JONESBORO CLIMATE SUMMARY FOR MAY 2 2015...

CLIMATE NORMAL PERIOD 1981 TO 2010
CLIMATE RECORD PERIOD 1897 TO 2015


WEATHER ITEM   OBSERVED TIME   RECORD YEAR NORMAL DEPARTURE LAST
                VALUE   (LST)  VALUE       VALUE  FROM      YEAR
                                                  NORMAL
..................................................................
TEMPERATURE (F)
 YESTERDAY
  MAXIMUM         74    430 PM 100    1901  76     -2       70
  MINIMUM         42    524 AM  32    1909  54    -12       42
  AVERAGE         58                        65     -7       56

PRECIPITATION (IN)
  YESTERDAY        0.00          2.25 2011   0.20  -0.20     0.00
  MONTH TO DATE    0.00                      0.37  -0.37     0.00
  SINCE MAR 1     13.14                      9.89   3.25    11.99
  SINCE JAN 1     17.97                     17.04   0.93    16.70

SNOWFALL (IN)
  YESTERDAY        0.0          MM      MM   0.0    0.0      0.0
  MONTH TO DATE    0.0                       0.0    0.0      0.0
  SINCE MAR 1      7.6                       0.7    6.9      3.2
  SINCE JUL 1      9.4                       4.8    4.6      5.2
  SNOW DEPTH       0

DEGREE DAYS
 HEATING
  YESTERDAY        7                         3      4        9
  MONTH TO DATE   16                         6     10       19
  SINCE MAR 1    733                       665     68      840
  SINCE JUL 1   3981                      3621    360     4105

 COOLING
  YESTERDAY        0                         2     -2        0
  MONTH TO DATE    0                         4     -4        0
  SINCE MAR 1     28                        51    -23       21
  SINCE JAN 1     28                        51    -23       21
..................................................................


WIND (MPH)
  HIGHEST WIND SPEED    14   HIGHEST WIND DIRECTION    SW (210)
  HIGHEST GUST SPEED    17   HIGHEST GUST DIRECTION    SW (210)
  AVERAGE WIND SPEED     2.9


SKY COVER
  POSSIBLE SUNSHINE  MM
  AVERAGE SKY COVER 0.0


WEATHER CONDITIONS
 THE FOLLOWING WEATHER WAS RECORDED YESTERDAY.
  FOG
  HAZE


RELATIVE HUMIDITY (PERCENT)
 HIGHEST   100           400 AM
 LOWEST     31           600 PM
 AVERAGE    66

..........................................................


THE JONESBORO CLIMATE NORMALS FOR TODAY
                         NORMAL    RECORD    YEAR
 MAXIMUM TEMPERATURE (F)   76        94      1901
 MINIMUM TEMPERATURE (F)   55        36      2013


SUNRISE AND SUNSET
MAY  3 2015...........SUNRISE   608 AM CDT   SUNSET   751 PM CDT
MAY  4 2015...........SUNRISE   607 AM CDT   SUNSET   752 PM CDT


-  INDICATES NEGATIVE NUMBERS.
R  INDICATES RECORD WAS SET OR TIED.
MM INDICATES DATA IS MISSING.
T  INDICATES TRACE AMOUNT.




$$
