000
CDUS43 KJKL 040540
CLIJKL

CLIMATE REPORT
NATIONAL WEATHER SERVICE JACKSON KY
140 AM EDT MON MAY 4 2015

...................................

...THE JACKSON KY CLIMATE SUMMARY FOR MAY 3 2015...

CLIMATE NORMAL PERIOD 1981 TO 2010
CLIMATE RECORD PERIOD 1981 TO 2015

WEATHER ITEM   OBSERVED TIME   RECORD YEAR NORMAL DEPARTURE LAST
                VALUE   (LST)  VALUE       VALUE  FROM      YEAR
                                                  NORMAL
..................................................................
TEMPERATURE (F)
 YESTERDAY
  MAXIMUM         79    339 PM  84    2012  72      7       73
                                      2001
  MINIMUM         51    610 AM  32    2004  52     -1       45
  AVERAGE         65                        62      3       59

PRECIPITATION (IN)
  YESTERDAY        0.00          1.61 2009   0.16  -0.16     0.00
  MONTH TO DATE    0.00                      0.46  -0.46      T
  SINCE MAR 1     16.55                      8.41   8.14    10.94
  SINCE JAN 1     22.73                     15.77   6.96    18.56

SNOWFALL (IN)
  YESTERDAY        0.0                       0.0    0.0      0.0
  MONTH TO DATE    0.0                       0.0    0.0      0.0
  SINCE MAR 1      3.7                       3.9   -0.2     11.9
  SINCE JUL 1     29.1                      23.5    5.6     38.9
  SNOW DEPTH       0

DEGREE DAYS
 HEATING
  YESTERDAY        0                         5     -5        6
  MONTH TO DATE   15                        15      0       27
  SINCE MAR 1    772                       836    -64      856
  SINCE JUL 1   4537                      4136    401     4457

 COOLING
  YESTERDAY        0                         2     -2        0
  MONTH TO DATE    0                         6     -6        0
  SINCE MAR 1     25                        52    -27       39
  SINCE JAN 1     25                        52    -27       39
..................................................................

WIND (MPH)
  HIGHEST WIND SPEED     8   HIGHEST WIND DIRECTION     S (170)
  HIGHEST GUST SPEED    12   HIGHEST GUST DIRECTION    NW (300)
  AVERAGE WIND SPEED     1.9

SKY COVER
  POSSIBLE SUNSHINE  MM
  AVERAGE SKY COVER 0.1

WEATHER CONDITIONS
 THE FOLLOWING WEATHER WAS RECORDED YESTERDAY.
  NO SIGNIFICANT WEATHER WAS OBSERVED.

RELATIVE HUMIDITY (PERCENT)
 HIGHEST    66           700 AM
 LOWEST     27           200 PM
 AVERAGE    47
..........................................................

THE JACKSON KY CLIMATE NORMALS FOR TODAY
                         NORMAL    RECORD    YEAR
 MAXIMUM TEMPERATURE (F)   72        85      2001
 MINIMUM TEMPERATURE (F)   52        34      2004

SUNRISE AND SUNSET
MAY  4 2015...........SUNRISE   635 AM EDT   SUNSET   826 PM EDT
MAY  5 2015...........SUNRISE   634 AM EDT   SUNSET   827 PM EDT

-  INDICATES NEGATIVE NUMBERS.
R  INDICATES RECORD WAS SET OR TIED.
MM INDICATES DATA IS MISSING.
T  INDICATES TRACE AMOUNT.

$$

GEOGERIAN
