000
CDAK47 PAJK 260033
CLIJNU
AKZ025-261200-
CLIMATE REPORT
NATIONAL WEATHER SERVICE JUNEAU, AK
431 PM AKDT SAT APR 25 2015


...................................

...THE JUNEAU CLIMATE SUMMARY FOR APRIL 25 2015...
VALID TODAY AS OF 0300 PM LOCAL TIME.

CLIMATE NORMAL PERIOD 1981 TO 2010
CLIMATE RECORD PERIOD 1943 TO 2015


WEATHER ITEM   OBSERVED TIME   RECORD YEAR NORMAL DEPARTURE LAST
                VALUE   (LST)  VALUE       VALUE  FROM      YEAR
                                                  NORMAL
..................................................................
TEMPERATURE (F)
 TODAY
  MAXIMUM         62    253 PM  73    2003  51     11       57
  MINIMUM         31    346 AM  23    1948  35     -4       29
  AVERAGE         47                        43      4       43

PRECIPITATION (IN)
  TODAY            0.00          0.99 2004   0.10  -0.10     0.00
  MONTH TO DATE    5.73                      2.46   3.27     2.38
  SINCE MAR 1     10.25                      6.24   4.01     5.83
  SINCE JAN 1     25.85                     15.72  10.13    17.96

SNOWFALL (IN)
  TODAY            0.0           0.3  1964   0.0    0.0      0.0
  MONTH TO DATE    T                         1.0   -1.0      0.3
  SINCE MAR 1      9.9                      12.6   -2.7      6.3
  SINCE JUL 1     48.6                      86.6  -38.0     97.1

DEGREE DAYS
 HEATING
  TODAY           18                        22     -4       22
  MONTH TO DATE  590                       622    -32      613
  SINCE MAR 1   1447                      1589   -142     1645
  SINCE JUL 1   6668                      7426   -758     7286

 COOLING
  TODAY            0                         0      0        0
  MONTH TO DATE    0                         0      0        0
  SINCE MAR 1      0                         0      0        0
  SINCE JAN 1      0                         0      0        0
..................................................................


WIND (MPH)
  HIGHEST WIND SPEED    15   HIGHEST WIND DIRECTION    SE (120)
  HIGHEST GUST SPEED    18   HIGHEST GUST DIRECTION    SE (130)
  AVERAGE WIND SPEED     4.1


SKY COVER
  POSSIBLE SUNSHINE  MM
  AVERAGE SKY COVER 0.4


WEATHER CONDITIONS
 THE FOLLOWING WEATHER WAS RECORDED TODAY.
  NO SIGNIFICANT WEATHER WAS OBSERVED.


RELATIVE HUMIDITY (PERCENT)
 HIGHEST    92           400 AM
 LOWEST     29           200 PM
 AVERAGE    61

..........................................................


THE JUNEAU CLIMATE NORMALS FOR TOMORROW
                         NORMAL    RECORD    YEAR
 MAXIMUM TEMPERATURE (F)   52        74      2003
 MINIMUM TEMPERATURE (F)   35        22      1954


SUNRISE AND SUNSET
APRIL 25 2015.........SUNRISE   520 AM AKDT  SUNSET   834 PM AKDT
APRIL 26 2015.........SUNRISE   517 AM AKDT  SUNSET   837 PM AKDT


-  INDICATES NEGATIVE NUMBERS.
R  INDICATES RECORD WAS SET OR TIED.
MM INDICATES DATA IS MISSING.
T  INDICATES TRACE AMOUNT.


$$


&&
----------------------------
AMOUNT OF DAYLIGHT TODAY  (HOUR:MIN)........15:15
GAIN/LOSS SINCE YESTERDAY (HOUR:MIN:SEC)....+0:04:54
