000
CDUS43 KGRR 252130
CLIJXN


CLIMATE REPORT
NATIONAL WEATHER SERVICE GRAND RAPIDS, MI
528 PM EDT SAT APR 25 2015


...................................

...THE JACKSON MI CLIMATE SUMMARY FOR APRIL 25 2015...
VALID TODAY AS OF 0500 PM LOCAL TIME.

CLIMATE NORMAL PERIOD 1981 TO 2010
CLIMATE RECORD PERIOD 1944 TO 9999


WEATHER ITEM   OBSERVED TIME   NORMAL DEPARTURE LAST
                VALUE   (LST)  VALUE  FROM      YEAR
                                      NORMAL
......................................................
TEMPERATURE (F)
 TODAY
  MAXIMUM         51    312 PM  63    -12       59
  MINIMUM         40    721 AM  40      0       41
  AVERAGE         46            51     -5       50

PRECIPITATION (IN)
  TODAY            0.08          0.08   0.00     0.21
  MONTH TO DATE    2.45          2.16   0.29     1.81
  SINCE MAR 1      2.93          4.06  -1.13     3.72
  SINCE JAN 1      5.01          6.84  -1.83     8.00

DEGREE DAYS
 HEATING
  TODAY           19            14      5       15
  MONTH TO DATE  418           456    -38      460
  SINCE MAR 1   1412          1366     46     1635
  SINCE JUL 1   6916          6280    636     7199

 COOLING
  TODAY            0             0      0        0
  MONTH TO DATE    0             0      0        0
  SINCE MAR 1      0             0      0        0
  SINCE JAN 1      0             0      0        0
......................................................


WIND (MPH)
  RESULTANT WIND SPEED  10   RESULTANT WIND DIRECTION   E (110)
  HIGHEST WIND SPEED    16   HIGHEST WIND DIRECTION    SE (120)
  HIGHEST GUST SPEED    20   HIGHEST GUST DIRECTION    SE (120)
  AVERAGE WIND SPEED     9.8


SKY COVER
  AVERAGE SKY COVER 0.9


WEATHER CONDITIONS
 THE FOLLOWING WEATHER WAS RECORDED TODAY.
  LIGHT RAIN


RELATIVE HUMIDITY (PERCENT)
 HIGHEST    92           300 AM
 LOWEST     46           300 PM
 AVERAGE    69

..........................................................


THE JACKSON MI CLIMATE NORMALS FOR TOMORROW
                         NORMAL
 MAXIMUM TEMPERATURE (F)   63
 MINIMUM TEMPERATURE (F)   40


SUNRISE AND SUNSET
APRIL 25 2015.........SUNRISE   642 AM EDT   SUNSET   830 PM EDT
APRIL 26 2015.........SUNRISE   641 AM EDT   SUNSET   831 PM EDT


-  INDICATES NEGATIVE NUMBERS.
R  INDICATES RECORD WAS SET OR TIED.
MM INDICATES DATA IS MISSING.
T  INDICATES TRACE AMOUNT.




$$

JAM
