000
CDUS45 KVEF 060028
CLILAS


CLIMATE REPORT
NATIONAL WEATHER SERVICE LAS VEGAS, NV
528 PM PDT TUE MAY 5 2015


...................................

...THE LAS VEGAS NV CLIMATE SUMMARY FOR MAY 5 2015...
VALID TODAY AS OF 0500 PM LOCAL TIME.

CLIMATE NORMAL PERIOD 1981 TO 2010
CLIMATE RECORD PERIOD 1937 TO 2015


WEATHER ITEM   OBSERVED TIME   RECORD YEAR NORMAL DEPARTURE LAST
                VALUE   (LST)  VALUE       VALUE  FROM      YEAR
                                                  NORMAL
..................................................................
TEMPERATURE (F)
 TODAY
  MAXIMUM         87    351 PM 108    1947  85      2       88
  MINIMUM         65    557 AM  40    1950  63      2       68
  AVERAGE         76                        74      2       78

PRECIPITATION (IN)
  TODAY            0.00          0.04 1969   0.00   0.00     0.00
  MONTH TO DATE    0.01                      0.02  -0.01     0.00
  SINCE OCT 1      2.26                      3.04  -0.78     1.72
  SINCE JAN 1      1.96                      1.91   0.05     0.30

SNOWFALL (IN)
  TODAY            0.0           0.0    MM   0.0    0.0      0.0
  MONTH TO DATE    0.0                       0.0    0.0      0.0
  SINCE MAR 1      0.0                       0.0    0.0      0.0
  SINCE JUL 1      T                         0.3   -0.3      0.0
  SNOW DEPTH       0

DEGREE DAYS
 HEATING
  TODAY            0                         0      0        0
  MONTH TO DATE    0                         4     -4        0
  SINCE MAR 1    102                       256   -154      125
  SINCE JUL 1   1209                      1947   -738     1511

 COOLING
  TODAY           11                         9      2       13
  MONTH TO DATE   72                        43     29       72
  SINCE MAR 1    357                       202    155      296
  SINCE JAN 1    367                       203    164      299
..................................................................


WIND (MPH)
  RESULTANT WIND SPEED   8   RESULTANT WIND DIRECTION   S (190)
  HIGHEST WIND SPEED    21   HIGHEST WIND DIRECTION     S (200)
  HIGHEST GUST SPEED    27   HIGHEST GUST DIRECTION    SW (210)
  AVERAGE WIND SPEED     8.9


SKY COVER
  POSSIBLE SUNSHINE  MM
  AVERAGE SKY COVER 0.4


WEATHER CONDITIONS
 THE FOLLOWING WEATHER WAS RECORDED TODAY.
  NO SIGNIFICANT WEATHER WAS OBSERVED.


RELATIVE HUMIDITY (PERCENT)
 HIGHEST    52           100 AM
 LOWEST     13           400 PM
 AVERAGE    33

..........................................................


THE LAS VEGAS NV CLIMATE NORMALS FOR TOMORROW
                         NORMAL    RECORD    YEAR
 MAXIMUM TEMPERATURE (F)   85       103      1947
 MINIMUM TEMPERATURE (F)   63        43      1964


SUNRISE AND SUNSET
MAY  5 2015...........SUNRISE   544 AM PDT   SUNSET   731 PM PDT
MAY  6 2015...........SUNRISE   543 AM PDT   SUNSET   732 PM PDT


-  INDICATES NEGATIVE NUMBERS.
R  INDICATES RECORD WAS SET OR TIED.
MM INDICATES DATA IS MISSING.
T  INDICATES TRACE AMOUNT.




$$
