000
CDUS44 KLUB 010627
CLILBB


CLIMATE REPORT
NATIONAL WEATHER SERVICE LUBBOCK, TX
126 AM CDT WED APR 1 2015


...................................

...THE LUBBOCK CLIMATE SUMMARY FOR MARCH 31 2015...

CLIMATE NORMAL PERIOD 1981 TO 2010
CLIMATE RECORD PERIOD 1911 TO 2015


WEATHER ITEM   OBSERVED TIME   RECORD YEAR NORMAL DEPARTURE LAST
                VALUE   (LST)  VALUE       VALUE  FROM      YEAR
                                                  NORMAL
..................................................................
TEMPERATURE (F)
 YESTERDAY
  MAXIMUM         87    239 PM  95    1946  71     16       82
  MINIMUM         44    653 AM  19    1931  41      3       50
  AVERAGE         66                        56     10       66

PRECIPITATION (IN)
  YESTERDAY        0.06          1.04 1916   0.04   0.02     0.00
  MONTH TO DATE    0.30                      1.10  -0.80     0.17
  SINCE MAR 1      0.30                      1.10  -0.80     0.17
  SINCE JAN 1      2.57                      2.50   0.07     0.33

SNOWFALL (IN)
  YESTERDAY        0.0           3.0  1915   0.0    0.0      0.0
  MONTH TO DATE    1.1                       0.6    0.5       T
  SINCE MAR 1      1.1                       0.6    0.5       T
  SINCE JUL 1     14.7                       8.0    6.7      4.2
  SNOW DEPTH       0

DEGREE DAYS
 HEATING
  YESTERDAY        0                        10    -10        0
  MONTH TO DATE  380                       415    -35      440
  SINCE MAR 1    380                       415    -35      440
  SINCE JUL 1   3099                      3154    -55     3292

 COOLING
  YESTERDAY        1                         1      0        1
  MONTH TO DATE    3                         7     -4        3
  SINCE MAR 1      3                         7     -4        3
  SINCE JAN 1      3                         7     -4        3
..................................................................


WIND (MPH)
  RESULTANT WIND SPEED   4   RESULTANT WIND DIRECTION  SW (220)
  HIGHEST WIND SPEED    29   HIGHEST WIND DIRECTION    NW (310)
  HIGHEST GUST SPEED    43   HIGHEST GUST DIRECTION    NE (50)
  AVERAGE WIND SPEED     8.1


SKY COVER
  AVERAGE SKY COVER 0.6


WEATHER CONDITIONS
 THE FOLLOWING WEATHER WAS RECORDED YESTERDAY.
  THUNDERSTORM
  RAIN
  LIGHT RAIN
  HAZE


RELATIVE HUMIDITY (PERCENT)
 HIGHEST    93           500 AM
 LOWEST     15           300 PM
 AVERAGE    54

..........................................................


THE LUBBOCK CLIMATE NORMALS FOR TODAY
                         NORMAL    RECORD    YEAR
 MAXIMUM TEMPERATURE (F)   71        96      1946
 MINIMUM TEMPERATURE (F)   41        22      1948


SUNRISE AND SUNSET
APRIL  1 2015.........SUNRISE   735 AM CDT   SUNSET   808 PM CDT
APRIL  2 2015.........SUNRISE   734 AM CDT   SUNSET   808 PM CDT


-  INDICATES NEGATIVE NUMBERS.
R  INDICATES RECORD WAS SET OR TIED.
MM INDICATES DATA IS MISSING.
T  INDICATES TRACE AMOUNT.




$$
