000
CDUS44 KLUB 182226
CLILBB


CLIMATE REPORT
NATIONAL WEATHER SERVICE LUBBOCK, TX
526 PM CDT SAT APR 18 2015


...................................

...THE LUBBOCK CLIMATE SUMMARY FOR APRIL 18 2015...
VALID TODAY AS OF 0500 PM LOCAL TIME.

CLIMATE NORMAL PERIOD 1981 TO 2010
CLIMATE RECORD PERIOD 1911 TO 2015


WEATHER ITEM   OBSERVED TIME   RECORD YEAR NORMAL DEPARTURE LAST
                VALUE   (LST)  VALUE       VALUE  FROM      YEAR
                                                  NORMAL
..................................................................
TEMPERATURE (F)
 TODAY
  MAXIMUM         77    310 PM  96    1987  76      1       72
  MINIMUM         39    628 AM  29    1953  47     -8       39
                                      1944
  AVERAGE         58                        61     -3       56

PRECIPITATION (IN)
  TODAY            0.00          0.84 1949   0.04  -0.04     0.00
  MONTH TO DATE    0.63                      0.76  -0.13     0.14
  SINCE MAR 1      0.93                      1.86  -0.93     0.31
  SINCE JAN 1      3.20                      3.26  -0.06     0.47

SNOWFALL (IN)
  TODAY            0.0           T    1949   0.0    0.0      0.0
  MONTH TO DATE    0.0                       0.2   -0.2       T
  SINCE MAR 1      1.1                       0.8    0.3       T
  SINCE JUL 1     14.7                       8.2    6.5      4.2
  SNOW DEPTH       0

DEGREE DAYS
 HEATING
  TODAY            7                         5      2        9
  MONTH TO DATE   65                       134    -69      139
  SINCE MAR 1    445                       549   -104      579
  SINCE JUL 1   3164                      3288   -124     3431

 COOLING
  TODAY            0                         2     -2        0
  MONTH TO DATE   44                        21     23       19
  SINCE MAR 1     47                        28     19       22
  SINCE JAN 1     47                        28     19       22
..................................................................


WIND (MPH)
  RESULTANT WIND SPEED   5   RESULTANT WIND DIRECTION  SW (240)
  HIGHEST WIND SPEED    31   HIGHEST WIND DIRECTION     W (250)
  HIGHEST GUST SPEED    39   HIGHEST GUST DIRECTION     W (260)
  AVERAGE WIND SPEED     9.1


SKY COVER
  AVERAGE SKY COVER 0.3


WEATHER CONDITIONS
 THE FOLLOWING WEATHER WAS RECORDED TODAY.
  FOG
  FOG W/VISIBILITY <= 1/4 MILE


RELATIVE HUMIDITY (PERCENT)
 HIGHEST   100           500 AM
 LOWEST     11           300 PM
 AVERAGE    56

..........................................................


THE LUBBOCK CLIMATE NORMALS FOR TOMORROW
                         NORMAL    RECORD    YEAR
 MAXIMUM TEMPERATURE (F)   76        92      2001
                                             1987
                                             1961
 MINIMUM TEMPERATURE (F)   47        25      2013


SUNRISE AND SUNSET
APRIL 18 2015.........SUNRISE   713 AM CDT   SUNSET   820 PM CDT
APRIL 19 2015.........SUNRISE   712 AM CDT   SUNSET   821 PM CDT


-  INDICATES NEGATIVE NUMBERS.
R  INDICATES RECORD WAS SET OR TIED.
MM INDICATES DATA IS MISSING.
T  INDICATES TRACE AMOUNT.




$$
