000
CDUS43 KLBF 190940
CLILBF

CLIMATE REPORT
NATIONAL WEATHER SERVICE NORTH PLATTE
439 AM CDT SUN APR 19 2015


...................................

...THE NORTH PLATTE NE CLIMATE SUMMARY FOR APRIL 18 2015...

CLIMATE NORMAL PERIOD 1981 TO 2010
CLIMATE RECORD PERIOD 1874 TO 2015


WEATHER ITEM   OBSERVED TIME   RECORD YEAR NORMAL DEPARTURE LAST
                VALUE   (LST)  VALUE       VALUE  FROM      YEAR
                                                  NORMAL
..................................................................
TEMPERATURE (F)
 YESTERDAY
  MAXIMUM         69    305 PM  92    1948  63      6       73
  MINIMUM         45    655 AM  17    1953  34     11       38
  AVERAGE         57                        48      9       56

PRECIPITATION (IN)
  YESTERDAY        1.08          4.11 1942   0.08   1.00     0.00
  MONTH TO DATE    2.30                      1.21   1.09     0.14
  SINCE MAR 1      2.31                      2.26   0.05     0.93
  SINCE JAN 1      3.05                      3.10  -0.05     1.98

SNOWFALL (IN)
  YESTERDAY        0.0           2.0  1920   0.2   -0.2      0.0
  MONTH TO DATE    2.1                       2.5   -0.4      1.1
  SINCE MAR 1      2.4                       6.9   -4.5      7.4
  SINCE JUL 1     21.3                      27.8   -6.5     29.8
  SNOW DEPTH       0

DEGREE DAYS
 HEATING
  YESTERDAY        8                        17     -9        9
  MONTH TO DATE  264                       351    -87      364
  SINCE MAR 1    923                      1188   -265     1238
  SINCE JUL 1   5812                      6216   -404     6429

 COOLING
  YESTERDAY        0                         0      0        0
  MONTH TO DATE    2                         0      2        0
  SINCE MAR 1      2                         0      2        0
  SINCE JAN 1      2                         0      2        0
..................................................................


WIND (MPH)
  HIGHEST WIND SPEED    28   HIGHEST WIND DIRECTION    SW (230)
  HIGHEST GUST SPEED    35   HIGHEST GUST DIRECTION    SW (230)
  AVERAGE WIND SPEED     6.7


SKY COVER
  POSSIBLE SUNSHINE  MM
  AVERAGE SKY COVER 0.7


WEATHER CONDITIONS
 THE FOLLOWING WEATHER WAS RECORDED YESTERDAY.
  THUNDERSTORM
  HEAVY RAIN
  RAIN
  LIGHT RAIN
  FOG
  FOG W/VISIBILITY <= 1/4 MILE


RELATIVE HUMIDITY (PERCENT)
 HIGHEST   100           700 AM
 LOWEST     48           300 PM
 AVERAGE    74

..........................................................


THE NORTH PLATTE NE CLIMATE NORMALS FOR TODAY
                         NORMAL    RECORD    YEAR
 MAXIMUM TEMPERATURE (F)   63        89      1987
 MINIMUM TEMPERATURE (F)   34        17      1953


SUNRISE AND SUNSET
APRIL 19 2015.........SUNRISE   658 AM CDT   SUNSET   827 PM CDT
APRIL 20 2015.........SUNRISE   656 AM CDT   SUNSET   828 PM CDT


-  INDICATES NEGATIVE NUMBERS.
R  INDICATES RECORD WAS SET OR TIED.
MM INDICATES DATA IS MISSING.
T  INDICATES TRACE AMOUNT.

$$
