000
CDUS44 KLCH 270809
CLILCH


CLIMATE REPORT
NATIONAL WEATHER SERVICE LAKE CHARLES, LA
308 AM CDT MON APR 27 2015


...................................

...THE LAKE CHARLES CLIMATE SUMMARY FOR APRIL 26 2015...

CLIMATE NORMAL PERIOD 1981 TO 2010
CLIMATE RECORD PERIOD 1895 TO 2015


WEATHER ITEM   OBSERVED TIME   RECORD YEAR NORMAL DEPARTURE LAST
                VALUE   (LST)  VALUE       VALUE  FROM      YEAR
                                                  NORMAL
..................................................................
TEMPERATURE (F)
 YESTERDAY
  MAXIMUM         82    418 PM  90    1925  80      2       84
  MINIMUM         65    308 AM  32    1910  61      4       65
  AVERAGE         74                        71      3       75

PRECIPITATION (IN)
  YESTERDAY        T             1.75 2011   0.12  -0.12     0.00
  MONTH TO DATE   11.27                      2.86   8.41     0.81
  SINCE MAR 1     17.48                      6.52  10.96     2.88
  SINCE JAN 1     25.96                     15.21  10.75     9.67

SNOWFALL (IN)
  YESTERDAY        0.0           0.0    MM   0.0    0.0      0.0
  MONTH TO DATE    0.0                       0.0    0.0      0.0
  SINCE MAR 1      T                         0.0    0.0      0.0
  SINCE JUL 1      T                         0.1   -0.1      0.1
  SNOW DEPTH       0

DEGREE DAYS
 HEATING
  YESTERDAY        0                         0      0        0
  MONTH TO DATE    1                        44    -43       49
  SINCE MAR 1    102                       206   -104      299
  SINCE JUL 1   1540                      1488     52     1950

 COOLING
  YESTERDAY        9                         6      3       10
  MONTH TO DATE  178                       111     67      100
  SINCE MAR 1    235                       160     75      113
  SINCE JAN 1    241                       183     58      128
..................................................................


WIND (MPH)
  HIGHEST WIND SPEED    12   HIGHEST WIND DIRECTION    SE (120)
  HIGHEST GUST SPEED    14   HIGHEST GUST DIRECTION    SE (130)
  AVERAGE WIND SPEED     4.3


SKY COVER
  POSSIBLE SUNSHINE  MM
  AVERAGE SKY COVER 0.5


WEATHER CONDITIONS
 THE FOLLOWING WEATHER WAS RECORDED YESTERDAY.
  THUNDERSTORM
  LIGHT RAIN
  FOG
  FOG W/VISIBILITY <= 1/4 MILE
  HAZE


RELATIVE HUMIDITY (PERCENT)
 HIGHEST   100          1200 AM
 LOWEST     74          1100 AM
 AVERAGE    87

..........................................................


THE LAKE CHARLES CLIMATE NORMALS FOR TODAY
                         NORMAL    RECORD    YEAR
 MAXIMUM TEMPERATURE (F)   80        92      2011
 MINIMUM TEMPERATURE (F)   61        35      1910


SUNRISE AND SUNSET
APRIL 27 2015.........SUNRISE   634 AM CDT   SUNSET   748 PM CDT
APRIL 28 2015.........SUNRISE   633 AM CDT   SUNSET   748 PM CDT


-  INDICATES NEGATIVE NUMBERS.
R  INDICATES RECORD WAS SET OR TIED.
MM INDICATES DATA IS MISSING.
T  INDICATES TRACE AMOUNT.




$$
