000
CDHW41 PHFO 280238
CLILIH


CLIMATE REPORT
NATIONAL WEATHER SERVICE HONOLULU HI
428 PM HST MON APR 27 2015


...................................

...THE LIHUE HI CLIMATE SUMMARY FOR APRIL 27 2015...
VALID TODAY AS OF 0400 PM LOCAL TIME.

CLIMATE NORMAL PERIOD 1981 TO 2010
CLIMATE RECORD PERIOD 1946 TO 2015


WEATHER ITEM   OBSERVED TIME   RECORD YEAR NORMAL DEPARTURE LAST
                VALUE   (LST)  VALUE       VALUE  FROM      YEAR
                                                  NORMAL
..................................................................
TEMPERATURE (F)
 TODAY
  MAXIMUM         80    324 PM  88    1981  80      0       81
  MINIMUM         71    245 AM  59    2009  69      2       71
  AVERAGE         76                        74      2       76

PRECIPITATION (IN)
  TODAY            T             0.95 1962   0.06  -0.06      T
  MONTH TO DATE    1.34                      2.06  -0.72     0.62
  SINCE MAR 1      2.98                      6.67  -3.69     2.55
  SINCE JAN 1      4.89                     13.58  -8.69    12.95

SNOWFALL (IN)
  TODAY            0.0
  MONTH TO DATE    0.0
  SINCE MAR 1      0.0
  SINCE JUL 1      0.0
  SNOW DEPTH       0

DEGREE DAYS
 HEATING
  TODAY            0                         0      0        0
  MONTH TO DATE    0                         0      0        0
  SINCE MAR 1      0                         0      0        0
  SINCE JUL 1      0                         0      0        0

 COOLING
  TODAY           11                         9      2       11
  MONTH TO DATE  316                       242     74      265
  SINCE MAR 1    570                       481     89      476
  SINCE JAN 1   1026                       876    150      852
..................................................................


WIND (MPH)
  HIGHEST WIND SPEED    28   HIGHEST WIND DIRECTION    NE (30)
  HIGHEST GUST SPEED    32   HIGHEST GUST DIRECTION    NE (40)
  AVERAGE WIND SPEED    20.1


SKY COVER
  POSSIBLE SUNSHINE  MM
  AVERAGE SKY COVER 0.9


WEATHER CONDITIONS
 THE FOLLOWING WEATHER WAS RECORDED TODAY.
  NO SIGNIFICANT WEATHER WAS OBSERVED.


RELATIVE HUMIDITY (PERCENT)
 HIGHEST    73           200 AM
 LOWEST     54           200 PM
 AVERAGE    64

..........................................................


THE LIHUE HI CLIMATE NORMALS FOR TOMORROW
                         NORMAL    RECORD    YEAR
 MAXIMUM TEMPERATURE (F)   80        84      1978
                                             1956
 MINIMUM TEMPERATURE (F)   69        61      2004


SUNRISE AND SUNSET
APRIL 27 2015.........SUNRISE   608 AM HST   SUNSET   702 PM HST
APRIL 28 2015.........SUNRISE   608 AM HST   SUNSET   702 PM HST


-  INDICATES NEGATIVE NUMBERS.
R  INDICATES RECORD WAS SET OR TIED.
MM INDICATES DATA IS MISSING.
T  INDICATES TRACE AMOUNT.




$$
