000
CDUS45 KRIW 270759
CLILND


CLIMATE REPORT
NATIONAL WEATHER SERVICE RIVERTON WY
155 AM MDT MON APR 27 2015


...................................

...THE LANDER WY CLIMATE SUMMARY FOR APRIL 26 2015...

CLIMATE NORMAL PERIOD 1981 TO 2010
CLIMATE RECORD PERIOD 1891 TO 2015


WEATHER ITEM   OBSERVED TIME   RECORD YEAR NORMAL DEPARTURE LAST
                VALUE   (LST)  VALUE       VALUE  FROM      YEAR
                                                  NORMAL
..................................................................
TEMPERATURE (F)
 YESTERDAY
  MAXIMUM         44    431 PM  79    1910  60    -16       62
  MINIMUM         33    713 AM  15    1924  34     -1       39
  AVERAGE         39                        47     -8       51

PRECIPITATION (IN)
  YESTERDAY        0.37          1.05 1984   0.07   0.30      T
  MONTH TO DATE    2.22                      1.56   0.66     0.62
  SINCE MAR 1      2.77                      2.72   0.05     1.80
  SINCE JAN 1      4.33                      3.71   0.62     2.60

SNOWFALL (IN)
  YESTERDAY        T                         0.5   -0.5      0.0
  MONTH TO DATE   10.3                      14.8   -4.5      4.3
  SINCE MAR 1     19.2                      30.9  -11.7     18.2
  SINCE JUL 1     73.1                      84.5  -11.4     73.5
  SNOW DEPTH       0

DEGREE DAYS
 HEATING
  YESTERDAY       26                        18      8       14
  MONTH TO DATE  537                       565    -28      524
  SINCE MAR 1   1302                      1480   -178     1419
  SINCE JUL 1   6426                      7184   -758     7155

 COOLING
  YESTERDAY        0                         0      0        0
  MONTH TO DATE    0                         0      0        0
  SINCE MAR 1      0                         0      0        0
  SINCE JAN 1      0                         0      0        0
..................................................................


WIND (MPH)
  HIGHEST WIND SPEED    14   HIGHEST WIND DIRECTION    NW (320)
  HIGHEST GUST SPEED    17   HIGHEST GUST DIRECTION    NW (320)
  AVERAGE WIND SPEED     6.4


SKY COVER
  POSSIBLE SUNSHINE  MM
  AVERAGE SKY COVER 0.9


WEATHER CONDITIONS
 THE FOLLOWING WEATHER WAS RECORDED YESTERDAY.
  RAIN
  LIGHT RAIN
  LIGHT SNOW
  FOG


RELATIVE HUMIDITY (PERCENT)
 HIGHEST   100           500 AM
 LOWEST     76           200 PM
 AVERAGE    88

..........................................................


THE LANDER WY CLIMATE NORMALS FOR TODAY
                         NORMAL    RECORD    YEAR
 MAXIMUM TEMPERATURE (F)   60        82      1910
 MINIMUM TEMPERATURE (F)   34        16      1984


SUNRISE AND SUNSET
APRIL 27 2015.........SUNRISE   615 AM MDT   SUNSET   811 PM MDT
APRIL 28 2015.........SUNRISE   614 AM MDT   SUNSET   812 PM MDT


-  INDICATES NEGATIVE NUMBERS.
R  INDICATES RECORD WAS SET OR TIED.
MM INDICATES DATA IS MISSING.
T  INDICATES TRACE AMOUNT.




$$
