000
CDUS43 KOAX 210630
CLILNK


CLIMATE REPORT
NATIONAL WEATHER SERVICE OMAHA NEBRASKA
129 AM CDT TUE APR 21 2015


...................................

...THE LINCOLN, NEBRASKA CLIMATE SUMMARY FOR APRIL 20 2015...

CLIMATE NORMAL PERIOD 1981 TO 2010
CLIMATE RECORD PERIOD 1887 TO 2015


WEATHER ITEM   OBSERVED TIME   RECORD YEAR NORMAL DEPARTURE LAST
                VALUE   (LST)  VALUE       VALUE  FROM      YEAR
                                                  NORMAL
..................................................................
TEMPERATURE (F)
 YESTERDAY
  MAXIMUM         60    433 PM  95    1902  66     -6       83
  MINIMUM         39    613 AM  20    2013  41     -2       57
  AVERAGE         50                        53     -3       70

PRECIPITATION (IN)
  YESTERDAY        0.00          1.93 1912   0.10  -0.10     0.59
  MONTH TO DATE    1.69                      1.60   0.09     2.07
  SINCE MAR 1      2.46                      3.53  -1.07     2.20
  SINCE JAN 1      4.30                      4.94  -0.64     3.06

SNOWFALL (IN)
  YESTERDAY        0.0                       0.1   -0.1      0.0
  MONTH TO DATE    0.0                       1.2   -1.2      0.5
  SINCE JUL 1     21.9                      25.7   -3.8     18.2
  SNOW DEPTH       0

DEGREE DAYS
 HEATING
  YESTERDAY       15                        12      3        0
  MONTH TO DATE  205                       311   -106      302
  SINCE MAR 1    873                      1084   -211     1159
  SINCE JUL 1   5560                      5787   -227     6276

 COOLING
  YESTERDAY        0                         1     -1        5
  MONTH TO DATE    3                         3      0       13
  SINCE MAR 1      5                         4      1       13
  SINCE JAN 1      5                         4      1       13
..................................................................


WIND (MPH)
  HIGHEST WIND SPEED    33   HIGHEST WIND DIRECTION    NW (330)
  HIGHEST GUST SPEED    42   HIGHEST GUST DIRECTION    NW (330)
  AVERAGE WIND SPEED    15.7


SKY COVER
  POSSIBLE SUNSHINE  MM
  AVERAGE SKY COVER 0.3


WEATHER CONDITIONS
 THE FOLLOWING WEATHER WAS RECORDED YESTERDAY.
  NO SIGNIFICANT WEATHER WAS OBSERVED.


RELATIVE HUMIDITY (PERCENT)
 HIGHEST    76           600 AM
 LOWEST     19           300 PM
 AVERAGE    48

..........................................................


THE LINCOLN, NEBRASKA CLIMATE NORMALS FOR TODAY
                         NORMAL    RECORD    YEAR
 MAXIMUM TEMPERATURE (F)   66        92      1989
 MINIMUM TEMPERATURE (F)   41        24      1978


SUNRISE AND SUNSET
APRIL 21 2015.........SUNRISE   639 AM CDT   SUNSET   813 PM CDT
APRIL 22 2015.........SUNRISE   638 AM CDT   SUNSET   814 PM CDT


-  INDICATES NEGATIVE NUMBERS.
R  INDICATES RECORD WAS SET OR TIED.
MM INDICATES DATA IS MISSING.
T  INDICATES TRACE AMOUNT.




$$
