000
CDUS45 KBYZ 192223
CLILVM


CLIMATE REPORT
NATIONAL WEATHER SERVICE BILLINGS MT
422 PM MDT SUN APR 19 2015


...................................

...THE LIVINGSTON MT CLIMATE SUMMARY FOR APRIL 19 2015...
VALID TODAY AS OF 0400 PM LOCAL TIME.

CLIMATE NORMAL PERIOD 1981 TO 2010
CLIMATE RECORD PERIOD 1948 TO 2015


WEATHER ITEM   OBSERVED TIME   RECORD YEAR NORMAL DEPARTURE LAST
                VALUE   (LST)  VALUE       VALUE  FROM      YEAR
                                                  NORMAL
..................................................................
TEMPERATURE (F)
 TODAY
  MAXIMUM         53    253 PM  86    1962  56     -3       67
  MINIMUM         28    524 AM  12    1972  30     -2       34
  AVERAGE         41                        43     -2       51

PRECIPITATION (IN)
  TODAY            0.00          0.64        0.06  -0.06     0.00
  MONTH TO DATE    0.51                      1.02  -0.51     0.64
  SINCE OCT 1      3.76                      5.22  -1.46     6.01
  SINCE JAN 1      1.97                      2.85  -0.88     3.72

DEGREE DAYS
 HEATING
  TODAY           24                        22      2       14
  MONTH TO DATE  449                       463    -14      395
  SINCE MAR 1   1055                      1374   -319     1324
  SINCE JUL 1   5669                      6722  -1053     6567

 COOLING
  TODAY            0                         0      0        0
  MONTH TO DATE    0                         0      0        0
  SINCE MAR 1      0                         0      0        0
  SINCE JAN 1      0                         0      0        0
..................................................................


WIND (MPH)
  HIGHEST WIND SPEED    10   HIGHEST WIND DIRECTION    NE (50)
  HIGHEST GUST SPEED    17   HIGHEST GUST DIRECTION    NE (50)
  AVERAGE WIND SPEED     3.3


SKY COVER
  POSSIBLE SUNSHINE  MM
  AVERAGE SKY COVER 0.8


WEATHER CONDITIONS
 THE FOLLOWING WEATHER WAS RECORDED TODAY.
  NO SIGNIFICANT WEATHER WAS OBSERVED.


RELATIVE HUMIDITY (PERCENT)
 HIGHEST    78           100 AM
 LOWEST     26          1200 PM
 AVERAGE    52

..........................................................


THE LIVINGSTON MT CLIMATE NORMALS FOR TOMORROW
                         NORMAL    RECORD    YEAR
 MAXIMUM TEMPERATURE (F)   56        82      1980
 MINIMUM TEMPERATURE (F)   30        11      2008


SUNRISE AND SUNSET
APRIL 19 2015.........SUNRISE   629 AM MDT   SUNSET   813 PM MDT
APRIL 20 2015.........SUNRISE   628 AM MDT   SUNSET   815 PM MDT


-  INDICATES NEGATIVE NUMBERS.
R  INDICATES RECORD WAS SET OR TIED.
MM INDICATES DATA IS MISSING.
T  INDICATES TRACE AMOUNT.





&&

THIS IS AN AUTOMATED...UNATTENDED WEATHER STATION AND MAY
UNDERESTIMATE WINTER PRECIPITATION.

$$
