000
CDUS43 KTOP 180639
CLILWC


CLIMATE REPORT
NATIONAL WEATHER SERVICE TOPEKA KS
139 AM CDT SAT APR 18 2015


...................................

...THE LAWRENCE KS CLIMATE SUMMARY FOR APRIL 17 2015...

CLIMATE NORMAL PERIOD 1981 TO 2010
CLIMATE RECORD PERIOD 9999 TO 9999


WEATHER ITEM   OBSERVED NORMAL DEPARTURE LAST
                VALUE   VALUE  FROM      YEAR
                               NORMAL
...............................................
TEMPERATURE (F)
 YESTERDAY
  MAXIMUM         76     68      8       51
  MINIMUM         51     43      8       32
  AVERAGE         64     55      9       42

PRECIPITATION (IN)
  YESTERDAY        0.06   0.13  -0.07     0.00
  MONTH TO DATE    1.68   1.83  -0.15     1.96
  SINCE MAR 1      2.40   4.45  -2.05     2.93
  SINCE JAN 1      4.09   6.76  -2.67     3.98

DEGREE DAYS
 HEATING
  YESTERDAY        1     10     -9       23
  MONTH TO DATE  125    216    -91      264
  SINCE MAR 1    717    857   -140     1005
  SINCE JUL 1   5006   4872    134     5431

 COOLING
  YESTERDAY        0      1     -1        0
  MONTH TO DATE    5     10     -5        5
  SINCE MAR 1      5     13     -8        5
  SINCE JAN 1      5     13     -8        5
...............................................


WIND (MPH)
  HIGHEST WIND SPEED    23   HIGHEST WIND DIRECTION    SE (130)
  HIGHEST GUST SPEED    28   HIGHEST GUST DIRECTION    SE (150)
  AVERAGE WIND SPEED     4.6


SKY COVER
  AVERAGE SKY COVER 0.3


WEATHER CONDITIONS
 THE FOLLOWING WEATHER WAS RECORDED YESTERDAY.
  LIGHT RAIN
  FOG


RELATIVE HUMIDITY (PERCENT)
 HIGHEST   100
 LOWEST     57
 AVERAGE    79

..........................................................


THE LAWRENCE KS CLIMATE NORMALS FOR TODAY
                         NORMAL
 MAXIMUM TEMPERATURE (F)   68
 MINIMUM TEMPERATURE (F)   44


SUNRISE AND SUNSET
APRIL 18 2015.........SUNRISE   640 AM CDT   SUNSET   801 PM CDT
APRIL 19 2015.........SUNRISE   639 AM CDT   SUNSET   802 PM CDT


-  INDICATES NEGATIVE NUMBERS.
R  INDICATES RECORD WAS SET OR TIED.
MM INDICATES DATA IS MISSING.
T  INDICATES TRACE AMOUNT.




$$
