000
CDUS41 KRNK 250639
CLILYH


CLIMATE REPORT
NATIONAL WEATHER SERVICE BLACKSBURG VA
237 AM EDT SAT APR 25 2015


...................................

...THE LYNCHBURG VA CLIMATE SUMMARY FOR APRIL 24 2015...

CLIMATE NORMAL PERIOD 1981 TO 2010
CLIMATE RECORD PERIOD 1893 TO 2015


WEATHER ITEM   OBSERVED TIME   RECORD YEAR NORMAL DEPARTURE LAST
                VALUE   (LST)  VALUE       VALUE  FROM      YEAR
                                                  NORMAL
..................................................................
TEMPERATURE (F)
 YESTERDAY
  MAXIMUM         65    415 PM  95    1925  71     -6       70
  MINIMUM         34    554 AM  32    2002  45    -11       39
                                      1922
  AVERAGE         50                        58     -8       55

PRECIPITATION (IN)
  YESTERDAY        0.00          1.63 1987   0.11  -0.11     0.00
  MONTH TO DATE    3.59                      2.66   0.93     3.41
  SINCE MAR 1      6.87                      6.24   0.63     6.34
  SINCE JAN 1     11.25                     12.31  -1.06    13.42

SNOWFALL (IN)
  YESTERDAY        0.0
  MONTH TO DATE    0.0
  SINCE MAR 1      2.5
  SINCE JUL 1     22.9
  SNOW DEPTH       0

DEGREE DAYS
 HEATING
  YESTERDAY       15                         8      7       10
  MONTH TO DATE  184                       260    -76      162
  SINCE MAR 1    794                       855    -61      812
  SINCE JUL 1   4483                      4279    204     4326

 COOLING
  YESTERDAY        0                         1     -1        0
  MONTH TO DATE    8                        12     -4       19
  SINCE MAR 1      8                        14     -6       19
  SINCE JAN 1      8                        14     -6       19
..................................................................


WIND (MPH)
  HIGHEST WIND SPEED    15   HIGHEST WIND DIRECTION     W (270)
  HIGHEST GUST SPEED    28   HIGHEST GUST DIRECTION     W (270)
  AVERAGE WIND SPEED     4.3


SKY COVER
  POSSIBLE SUNSHINE  MM
  AVERAGE SKY COVER 0.0


WEATHER CONDITIONS
 THE FOLLOWING WEATHER WAS RECORDED YESTERDAY.
  NO SIGNIFICANT WEATHER WAS OBSERVED.


RELATIVE HUMIDITY (PERCENT)
 HIGHEST    75           600 AM
 LOWEST     13           400 PM
 AVERAGE    44

..........................................................


THE LYNCHBURG VA CLIMATE NORMALS FOR TODAY
                         NORMAL    RECORD    YEAR
 MAXIMUM TEMPERATURE (F)   71        94      1925
 MINIMUM TEMPERATURE (F)   45        30      1969


SUNRISE AND SUNSET
APRIL 25 2015.........SUNRISE   629 AM EDT   SUNSET   801 PM EDT
APRIL 26 2015.........SUNRISE   628 AM EDT   SUNSET   802 PM EDT


-  INDICATES NEGATIVE NUMBERS.
R  INDICATES RECORD WAS SET OR TIED.
MM INDICATES DATA IS MISSING.
T  INDICATES TRACE AMOUNT.

$$
