000
CDUS44 KLZK 280902
CLILZK


CLIMATE REPORT
NATIONAL WEATHER SERVICE LITTLE ROCK AR
401 AM CDT TUE APR 28 2015


...................................

...THE NORTH LITTLE ROCK CLIMATE SUMMARY FOR APRIL 27 2015...

CLIMATE NORMAL PERIOD 1981 TO 2010
CLIMATE RECORD PERIOD 1975 TO 2015


WEATHER ITEM   OBSERVED TIME   RECORD YEAR NORMAL DEPARTURE LAST
                VALUE   (LST)  VALUE       VALUE  FROM      YEAR
                                                  NORMAL
..................................................................
TEMPERATURE (F)
 YESTERDAY
  MAXIMUM         66        MM  91    1987  76    -10       77
  MINIMUM         50        MM  41    1992  56     -6       64
  AVERAGE         58                        66     -8       71

PRECIPITATION (IN)
  YESTERDAY        0.06          2.22 1991   0.17  -0.11     0.14
  MONTH TO DATE    4.80                      4.29   0.51     4.56
  SINCE MAR 1     13.57                      9.06   4.51     9.73
  SINCE JAN 1     19.75                     16.14   3.61    15.05

SNOWFALL (IN)
  YESTERDAY        0.0          MM      MM   0.0    0.0       T
  MONTH TO DATE    0.0                       0.0    0.0       T
  SINCE MAR 1      6.4                       0.4    6.0      1.6
  SINCE JUL 1     10.6                       4.4    6.2      5.2
  SNOW DEPTH       0

DEGREE DAYS
 HEATING
  YESTERDAY        7                         2      5        0
  MONTH TO DATE   80                       131    -51      137
  SINCE MAR 1    483                       491     -8      626
  SINCE JUL 1   3280                      2977    303     3453

 COOLING
  YESTERDAY        0                         3     -3        6
  MONTH TO DATE   59                        57      2       53
  SINCE MAR 1     73                        74     -1       53
  SINCE JAN 1     73                        76     -3       53
..................................................................


WIND (MPH)
  HIGHEST WIND SPEED    MM   HIGHEST WIND DIRECTION    MM
  HIGHEST GUST SPEED    MM   HIGHEST GUST DIRECTION    MM
  AVERAGE WIND SPEED    MM


SKY COVER
  POSSIBLE SUNSHINE  MM
  AVERAGE SKY COVER  MM


WEATHER CONDITIONS
 THE FOLLOWING WEATHER WAS RECORDED YESTERDAY.
  THUNDERSTORM
  LIGHT RAIN


RELATIVE HUMIDITY (PERCENT)
 HIGHEST    MM
 LOWEST     MM
 AVERAGE    MM

..........................................................


THE NORTH LITTLE ROCK CLIMATE NORMALS FOR TODAY
                         NORMAL    RECORD    YEAR
 MAXIMUM TEMPERATURE (F)   76        90      2002
 MINIMUM TEMPERATURE (F)   57        42      1979


SUNRISE AND SUNSET
APRIL 28 2015.........SUNRISE   622 AM CDT   SUNSET   752 PM CDT
APRIL 29 2015.........SUNRISE   621 AM CDT   SUNSET   752 PM CDT


-  INDICATES NEGATIVE NUMBERS.
R  INDICATES RECORD WAS SET OR TIED.
MM INDICATES DATA IS MISSING.
T  INDICATES TRACE AMOUNT.




$$
