000
CDUS42 KFFC 270816
CLIMCN


CLIMATE REPORT
NATIONAL WEATHER SERVICE PEACHTREE CITY GA
416 AM EDT MON APR 27 2015


...................................

...THE MACON CLIMATE SUMMARY FOR APRIL 26 2015...

CLIMATE NORMAL PERIOD 1981 TO 2010
CLIMATE RECORD PERIOD 1899 TO 2015


WEATHER ITEM   OBSERVED TIME   RECORD YEAR NORMAL DEPARTURE LAST
                VALUE   (LST)  VALUE       VALUE  FROM      YEAR
                                                  NORMAL
..................................................................
TEMPERATURE (F)
 YESTERDAY
  MAXIMUM         86    431 PM  93    1986  79      7       83
  MINIMUM         64    623 AM  36    1910  53     11       49
  AVERAGE         75                        66      9       66

PRECIPITATION (IN)
  YESTERDAY        0.00          3.04 1908   0.08  -0.08     0.00
  MONTH TO DATE    5.68                      2.63   3.05     6.48
  SINCE MAR 1      7.96                      7.18   0.78    10.41
  SINCE JAN 1     14.76                     15.78  -1.02    18.24

DEGREE DAYS
 HEATING
  YESTERDAY        0                         2     -2        0
  MONTH TO DATE   31                       104    -73      104
  SINCE MAR 1    239                       376   -137      475
  SINCE JUL 1   2452                      2301    151     2608

 COOLING
  YESTERDAY       10                         3      7        1
  MONTH TO DATE  111                        49     62       32
  SINCE MAR 1    123                        67     56       32
  SINCE JAN 1    123                        70     53       33
..................................................................


WIND (MPH)
  RESULTANT WIND SPEED   7   RESULTANT WIND DIRECTION   W (270)
  HIGHEST WIND SPEED    18   HIGHEST WIND DIRECTION     W (290)
  HIGHEST GUST SPEED    25   HIGHEST GUST DIRECTION     W (260)
  AVERAGE WIND SPEED     8.9


SKY COVER
  AVERAGE SKY COVER 0.3


WEATHER CONDITIONS
 THE FOLLOWING WEATHER WAS RECORDED YESTERDAY.
  NO SIGNIFICANT WEATHER WAS OBSERVED.


RELATIVE HUMIDITY (PERCENT)
 HIGHEST   100          1200 AM
 LOWEST     40           400 PM
 AVERAGE    70

..........................................................


THE MACON CLIMATE NORMALS FOR TODAY
                         NORMAL    RECORD    YEAR
 MAXIMUM TEMPERATURE (F)   80        96      1986
 MINIMUM TEMPERATURE (F)   53        37      1972


SUNRISE AND SUNSET
APRIL 27 2015.........SUNRISE   652 AM EDT   SUNSET   813 PM EDT
APRIL 28 2015.........SUNRISE   651 AM EDT   SUNSET   814 PM EDT


-  INDICATES NEGATIVE NUMBERS.
R  INDICATES RECORD WAS SET OR TIED.
MM INDICATES DATA IS MISSING.
T  INDICATES TRACE AMOUNT.




$$
