000
CDUS41 KCTP 270607
CLIMDT


CLIMATE REPORT
NATIONAL WEATHER SERVICE STATE COLLEGE PA
206 AM EDT MON APR 27 2015


...................................

...THE HARRISBURG PA CLIMATE SUMMARY FOR APRIL 26 2015...

CLIMATE NORMAL PERIOD 1981 TO 2010
CLIMATE RECORD PERIOD 1888 TO 2015


WEATHER ITEM   OBSERVED TIME   RECORD YEAR NORMAL DEPARTURE LAST
                VALUE   (LST)  VALUE       VALUE  FROM      YEAR
                                                  NORMAL
..................................................................
TEMPERATURE (F)
 YESTERDAY
  MAXIMUM         62    500 PM  91    1990  66     -4       74
                                      1942
  MINIMUM         40    534 AM  32    1892  45     -5       43
  AVERAGE         51                        56     -5       59

PRECIPITATION (IN)
  YESTERDAY        0.00          1.50 1998   0.11  -0.11      T
  MONTH TO DATE    1.98                      2.69  -0.71     2.57
  SINCE MAR 1      5.54                      6.06  -0.52     6.45
  SINCE JAN 1      9.13                     11.33  -2.20    13.16

SNOWFALL (IN)
  YESTERDAY        0.0           T    1919   0.0    0.0      0.0
  MONTH TO DATE    T                         0.4   -0.4       T
  SINCE MAR 1     11.8                       5.6    6.2      1.4
  SINCE JUL 1     39.2                      30.6    8.6     44.0
  SNOW DEPTH       0

DEGREE DAYS
 HEATING
  YESTERDAY       14                         9      5        6
  MONTH TO DATE  315                       357    -42      344
  SINCE MAR 1   1209                      1080    129     1218
  SINCE JUL 1   5512                      5068    444     5562

 COOLING
  YESTERDAY        0                         0      0        0
  MONTH TO DATE    0                         0      0        6
  SINCE MAR 1      0                         1     -1        6
  SINCE JAN 1      0                         1     -1        6
..................................................................


WIND (MPH)
  HIGHEST WIND SPEED    17   HIGHEST WIND DIRECTION    NW (310)
  HIGHEST GUST SPEED    25   HIGHEST GUST DIRECTION    NW (320)
  AVERAGE WIND SPEED     8.4


SKY COVER
  POSSIBLE SUNSHINE  MM
  AVERAGE SKY COVER 0.5


WEATHER CONDITIONS
 THE FOLLOWING WEATHER WAS RECORDED YESTERDAY.
  NO SIGNIFICANT WEATHER WAS OBSERVED.


RELATIVE HUMIDITY (PERCENT)
 HIGHEST    70           400 AM
 LOWEST     25           400 PM
 AVERAGE    48

..........................................................


THE HARRISBURG PA CLIMATE NORMALS FOR TODAY
                         NORMAL    RECORD    YEAR
 MAXIMUM TEMPERATURE (F)   67        92      2009
                                             1957
                                             1915
 MINIMUM TEMPERATURE (F)   46        33      1928


SUNRISE AND SUNSET
APRIL 27 2015.........SUNRISE   612 AM EDT   SUNSET   758 PM EDT
APRIL 28 2015.........SUNRISE   611 AM EDT   SUNSET   759 PM EDT


-  INDICATES NEGATIVE NUMBERS.
R  INDICATES RECORD WAS SET OR TIED.
MM INDICATES DATA IS MISSING.
T  INDICATES TRACE AMOUNT.




$$
