000
CDUS44 KBRO 180636
CLIMFE


CLIMATE REPORT
NATIONAL WEATHER SERVICE BROWNSVILLE TX
136 AM CDT SAT APR 18 2015


...................................

...THE MCALLEN CLIMATE SUMMARY FOR APRIL 17 2015...

CLIMATE NORMAL PERIOD 1981 TO 2010
CLIMATE RECORD PERIOD 1941 TO 2015


WEATHER ITEM   OBSERVED TIME   RECORD YEAR NORMAL DEPARTURE LAST
                VALUE   (LST)  VALUE       VALUE  FROM      YEAR
                                                  NORMAL
..................................................................
TEMPERATURE (F)
 YESTERDAY
  MAXIMUM         87    258 PM  97    1987  87      0       77
  MINIMUM         77    659 AM  48    1999  66     11       63
  AVERAGE         82                        77      5

PRECIPITATION (IN)
  YESTERDAY        T             2.46 2010   0.04  -0.04      T
  MONTH TO DATE    3.62                      0.60   3.02     0.03
  SINCE MAR 1      5.01                      1.63   3.38     1.20
  SINCE JAN 1      5.60                      3.79   1.81     2.08

SNOWFALL (IN)
  YESTERDAY        0.0
  MONTH TO DATE    0.0
  SINCE MAR 1      0.0
  SINCE JUL 1      0.0

DEGREE DAYS
 HEATING
  YESTERDAY        0                         0      0        0
  MONTH TO DATE    0                         3     -3        9
  SINCE MAR 1     66                        41     25      107
  SINCE JUL 1    756                       574    182      883

 COOLING
  YESTERDAY       17                        12      5        5
  MONTH TO DATE  245                       185     60      156
  SINCE MAR 1    411                       403      8      292
  SINCE JAN 1    496                       562    -66      420
..................................................................


WIND (MPH)
  HIGHEST WIND SPEED    21   HIGHEST WIND DIRECTION    SE (130)
  HIGHEST GUST SPEED    26   HIGHEST GUST DIRECTION    SE (140)
  AVERAGE WIND SPEED    12.1



WEATHER CONDITIONS
 THE FOLLOWING WEATHER WAS RECORDED YESTERDAY.
  THUNDERSTORM
  LIGHT RAIN
  FOG
  HAZE


RELATIVE HUMIDITY (PERCENT)
 HIGHEST    91
 LOWEST     70
 AVERAGE    81

..........................................................


THE MCALLEN CLIMATE NORMALS FOR TODAY
                         NORMAL    RECORD    YEAR
 MAXIMUM TEMPERATURE (F)   87        98      1953
 MINIMUM TEMPERATURE (F)   67        53      1947
                                             2001


SUNRISE AND SUNSET
APRIL 18 2015.........SUNRISE   707 AM CDT   SUNSET   758 PM CDT
APRIL 19 2015.........SUNRISE   706 AM CDT   SUNSET   758 PM CDT


-  INDICATES NEGATIVE NUMBERS.
R  INDICATES RECORD WAS SET OR TIED.
MM INDICATES DATA IS MISSING.
T  INDICATES TRACE AMOUNT.




$$
