000
CDUS43 KTOP 280640
CLIMHK


CLIMATE REPORT
NATIONAL WEATHER SERVICE TOPEKA KS
140 AM CDT TUE APR 28 2015


...................................

...THE MANHATTAN KS CLIMATE SUMMARY FOR APRIL 27 2015...

CLIMATE NORMAL PERIOD 1981 TO 2010
CLIMATE RECORD PERIOD 9999 TO 9999


WEATHER ITEM   OBSERVED NORMAL DEPARTURE LAST
                VALUE   VALUE  FROM      YEAR
                               NORMAL
...............................................
TEMPERATURE (F)
 YESTERDAY
  MAXIMUM         66     70     -4       78
  MINIMUM         40     45     -5       58
  AVERAGE         53     58     -5       68

PRECIPITATION (IN)
  YESTERDAY        0.00   0.13  -0.13    MM
  MONTH TO DATE    2.52   2.37   0.15     1.56
  SINCE MAR 1      2.78   4.57  -1.79     2.09
  SINCE JAN 1      4.24   6.29  -2.05     3.31

DEGREE DAYS
 HEATING
  YESTERDAY       12      8      4        0
  MONTH TO DATE  218    323   -105      295
  SINCE MAR 1    799    999   -200     1045
  SINCE JUL 1   4993   5159   -166     5576

 COOLING
  YESTERDAY        0      1     -1        3
  MONTH TO DATE    6     16    -10       30
  SINCE MAR 1      8     18    -10       30
  SINCE JAN 1      8     18    -10       30
...............................................


WIND (MPH)
  HIGHEST WIND SPEED    22   HIGHEST WIND DIRECTION    NE (50)
  HIGHEST GUST SPEED    27   HIGHEST GUST DIRECTION    NE (30)
  AVERAGE WIND SPEED     8.7


SKY COVER
  AVERAGE SKY COVER 0.0


WEATHER CONDITIONS
 THE FOLLOWING WEATHER WAS RECORDED YESTERDAY.
  NO SIGNIFICANT WEATHER WAS OBSERVED.


RELATIVE HUMIDITY (PERCENT)
 HIGHEST    83
 LOWEST     34
 AVERAGE    59

..........................................................


THE MANHATTAN KS CLIMATE NORMALS FOR TODAY
                         NORMAL
 MAXIMUM TEMPERATURE (F)   70
 MINIMUM TEMPERATURE (F)   45


SUNRISE AND SUNSET
APRIL 28 2015.........SUNRISE   632 AM CDT   SUNSET   817 PM CDT
APRIL 29 2015.........SUNRISE   631 AM CDT   SUNSET   818 PM CDT


-  INDICATES NEGATIVE NUMBERS.
R  INDICATES RECORD WAS SET OR TIED.
MM INDICATES DATA IS MISSING.
T  INDICATES TRACE AMOUNT.




$$
