000
CDUS44 KMEG 210650
CLIMKL


CLIMATE REPORT
NATIONAL WEATHER SERVICE MEMPHIS TN
149 AM CDT TUE APR 21 2015


...................................

...THE JACKSON CLIMATE SUMMARY FOR APRIL 20 2015...

CLIMATE NORMAL PERIOD 1981 TO 2010
CLIMATE RECORD PERIOD 1948 TO 2015


WEATHER ITEM   OBSERVED TIME   RECORD YEAR NORMAL DEPARTURE LAST
                VALUE   (LST)  VALUE       VALUE  FROM      YEAR
                                                  NORMAL
..................................................................
TEMPERATURE (F)
 YESTERDAY
  MAXIMUM         66    153 PM  90    1987  73     -7       81
  MINIMUM         45   1153 PM  29    1983  49     -4       43
  AVERAGE         56                        61     -5       62

PRECIPITATION (IN)
  YESTERDAY        0.00          1.33 1995   0.17  -0.17     0.00
  MONTH TO DATE    4.48                      3.15   1.33     2.45
  SINCE MAR 1      9.44                      7.90   1.54     8.29
  SINCE JAN 1     15.33                     16.14  -0.81    16.45

SNOWFALL (IN)
  YESTERDAY        0.0          MM      MM   0.0    0.0      0.0
  MONTH TO DATE    0.0                       0.1   -0.1       T
  SINCE MAR 1      4.4                       0.5    3.9      0.8
  SINCE JUL 1      5.9                       4.7    1.2      1.3
  SNOW DEPTH       0

DEGREE DAYS
 HEATING
  YESTERDAY        9                         5      4        3
  MONTH TO DATE   72                       155    -83      165
  SINCE MAR 1    551                       599    -48      759
  SINCE JUL 1   3724                      3483    241     4055

 COOLING
  YESTERDAY        0                         2     -2        0
  MONTH TO DATE   54                        26     28       31
  SINCE MAR 1     56                        36     20       31
  SINCE JAN 1     56                        37     19       31
..................................................................


WIND (MPH)
  HIGHEST WIND SPEED    20   HIGHEST WIND DIRECTION     W (280)
  HIGHEST GUST SPEED    26   HIGHEST GUST DIRECTION     W (290)
  AVERAGE WIND SPEED    11.4


SKY COVER
  POSSIBLE SUNSHINE  MM
  AVERAGE SKY COVER 0.5


WEATHER CONDITIONS
 THE FOLLOWING WEATHER WAS RECORDED YESTERDAY.
  NO SIGNIFICANT WEATHER WAS OBSERVED.


RELATIVE HUMIDITY (PERCENT)
 HIGHEST    93           100 AM
 LOWEST     40           200 PM
 AVERAGE    67

..........................................................


THE JACKSON CLIMATE NORMALS FOR TODAY
                         NORMAL    RECORD    YEAR
 MAXIMUM TEMPERATURE (F)   74        95      1987
 MINIMUM TEMPERATURE (F)   50        31      1953


SUNRISE AND SUNSET
APRIL 21 2015.........SUNRISE   616 AM CDT   SUNSET   734 PM CDT
APRIL 22 2015.........SUNRISE   614 AM CDT   SUNSET   734 PM CDT


-  INDICATES NEGATIVE NUMBERS.
R  INDICATES RECORD WAS SET OR TIED.
MM INDICATES DATA IS MISSING.
T  INDICATES TRACE AMOUNT.




$$
