000
CDUS43 KDVN 280913
CLIMLI


CLIMATE REPORT
NATIONAL WEATHER SERVICE QUAD CITIES IA IL
411 AM CDT TUE APR 28 2015


...................................

...THE MOLINE IL CLIMATE SUMMARY FOR APRIL 27 2015...

CLIMATE NORMAL PERIOD 1981 TO 2010
CLIMATE RECORD PERIOD 1872 TO 2015


WEATHER ITEM   OBSERVED TIME   RECORD YEAR NORMAL DEPARTURE LAST
                VALUE   (LST)  VALUE       VALUE  FROM      YEAR
                                                  NORMAL
..................................................................
TEMPERATURE (F)
 YESTERDAY
  MAXIMUM         67    307 PM  86    1981  67      0       74
                                      1977
  MINIMUM         32    331 AM  27    1933  45    -13       42
  AVERAGE         50                        56     -6       58

PRECIPITATION (IN)
  YESTERDAY        0.00          2.48 1959   0.14  -0.14     0.98
  MONTH TO DATE    1.48                      3.19  -1.71     2.96
  SINCE MAR 1      2.37                      6.05  -3.68     3.87
  SINCE JAN 1      5.30                      9.14  -3.84     7.89

SNOWFALL (IN)
  YESTERDAY        0.0          MM      MM   0.0    0.0      0.0
  MONTH TO DATE    0.0                       0.9   -0.9       T
  SINCE MAR 1      0.1                       4.9   -4.8     10.3
  SINCE JUL 1     39.1                      31.6    7.5     65.1
  SNOW DEPTH       0

DEGREE DAYS
 HEATING
  YESTERDAY       15                        10      5        7
  MONTH TO DATE  337                       393    -56      406
  SINCE MAR 1   1180                      1197    -17     1432
  SINCE JUL 1   6438                      5995    443     7102

 COOLING
  YESTERDAY        0                         1     -1        0
  MONTH TO DATE    0                        11    -11        5
  SINCE MAR 1      0                        12    -12        5
  SINCE JAN 1      0                        12    -12        5
..................................................................


WIND (MPH)
  HIGHEST WIND SPEED    15   HIGHEST WIND DIRECTION    NE (30)
  HIGHEST GUST SPEED    21   HIGHEST GUST DIRECTION    NE (30)
  AVERAGE WIND SPEED     4.6


SKY COVER
  POSSIBLE SUNSHINE  MM
  AVERAGE SKY COVER 0.0


WEATHER CONDITIONS
 THE FOLLOWING WEATHER WAS RECORDED YESTERDAY.
  NO SIGNIFICANT WEATHER WAS OBSERVED.


RELATIVE HUMIDITY (PERCENT)
 HIGHEST    96           300 AM
 LOWEST     29           300 PM
 AVERAGE    63

..........................................................


THE MOLINE IL CLIMATE NORMALS FOR TODAY
                         NORMAL    RECORD    YEAR
 MAXIMUM TEMPERATURE (F)   67        89      1970
 MINIMUM TEMPERATURE (F)   45        29      1992


SUNRISE AND SUNSET
APRIL 28 2015.........SUNRISE   604 AM CDT   SUNSET   756 PM CDT
APRIL 29 2015.........SUNRISE   602 AM CDT   SUNSET   757 PM CDT


-  INDICATES NEGATIVE NUMBERS.
R  INDICATES RECORD WAS SET OR TIED.
MM INDICATES DATA IS MISSING.
T  INDICATES TRACE AMOUNT.




$$
